{"id":431249,"date":"2022-12-29T14:00:00","date_gmt":"2022-12-29T13:00:00","guid":{"rendered":"https:\/\/innovationorigins.com\/?post_type=selected&amp;p=431249"},"modified":"2022-12-29T14:00:00","modified_gmt":"2022-12-29T13:00:00","slug":"creating-a-sustainable-material-from-palm-trees-waste","status":"publish","type":"selected","link":"https:\/\/ioplus.nl\/archive\/en\/selected\/creating-a-sustainable-material-from-palm-trees-waste\/","title":{"rendered":"Creating a sustainable material from palm trees waste"},"content":{"rendered":"\n<p>Students from the Universitat Polit\u00e8cnica de Val\u00e8ncia (UPV) created a material composed of palm tree fibers obtained from the plant waste, a <a href=\"http:\/\/www.upv.es\/noticias-upv\/noticia-13926-segunda-vida-d-es.html\">press release<\/a> informs. The resulting material has a double advantage. On the one hand, treating and reusing palm tree waste. On the other hand, finding a sustainable and biodegradable material (similar to carbon fiber or glass).<\/p>\n\n\n\n<details class=\"io-block io-block__expanded-box\"><summary class=\"expanded-box__header\">Why we write about this topic:<\/summary><div>  <p class=\"expanded-box__content\">Palm tree residue can be a sustainable alternative to carbon and glass fiber, reliable &#8211; but polluting &#8211; materials.  <\/p><\/div><\/details>\n\n\n\n<p>From surfing boards to uses in the automotive sector, the material can have plenty of applications. Companies and organizations expressed to the UPV and to the students themselves their interest in developing this technology further. <\/p>\n\n\n\n<p>The &#8216;Fiberpalm&#8217; team is multidisciplinary including mechanical engineering students (Manel Cabanes, \u00c1lvaro Gallego and Mario Salido), business administration and management ones (\u00c1ngeles Vendrell and Ariadna S\u00e1nchez), and a chemical engineering student (Juli\u00e1n P\u00e9rez). The project received support and advice from IDEAS UPV, the body that promotes entrepreneurial initiatives at the UPV.<\/p>\n\n\n<div class=\"vlp-link-container vlp-layout-basic wp-block-visual-link-preview-link\"><a href=\"https:\/\/ioplus.nl\/archive\/en\/dont-call-it-waste-it-can-be-turned-into-hydrogen-if-you-handle-it-right\/\" class=\"vlp-link\" title=\"Don&#039;t call it waste - it can be turned into hydrogen if you handle it right\"><\/a><div class=\"vlp-layout-zone-side\"><div class=\"vlp-block-2 vlp-link-image\"><\/div><\/div><div class=\"vlp-layout-zone-main\"><div class=\"vlp-block-0 vlp-link-title\">Don&#8217;t call it waste &#8211; it can be turned into hydrogen if you handle it right<\/div><div class=\"vlp-block-1 vlp-link-summary\">Circularity is one way to help make the green transition happen. Now, everything can get a second life, and even what we used to consider trash can be a valuable resource.<\/div><\/div><\/div>\n\n\n<h2 class=\"wp-block-heading\">Solving a social and environmental problem<\/h2>\n\n\n\n<p>According to the students, over 100 tons of palm residues are generated monthly on average in the south of the province of Alicante.  Most of them are burned &#8211; generating large amounts of CO<sub>2<\/sub> &#8211; and a small part is used for compost. Fiberpalm aims to use this raw material, creating a compostable product. <\/p>\n\n\n\n<p>The goal is to produce a similar material to carbon fiber, to replace objects such as plastic trays or car dashboards. This research is also scalable to other natural products.<\/p>\n","protected":false},"author":2084,"featured_media":515648,"template":"","meta":{"_acf_changed":false,"advgb_blocks_editor_width":"","advgb_blocks_columns_visual_guide":""},"categories":[42],"tags":[129284,129286,31716],"location":[39958],"internal_archives":[],"class_list":["post-431249","selected","type-selected","status-publish","has-post-thumbnail","hentry","category-sustainability-nl","tag-fiber","tag-universitat-politecnica-de-valencia-2","tag-waste","location-spain"],"blocksy_meta":[],"acf":[],"featured_img":"https:\/\/ioplus.nl\/archive\/wp-content\/uploads\/2022\/08\/garbage-can-5398348_1920.jpg","coauthors":[],"author_meta":{"author_link":"https:\/\/ioplus.nl\/archive\/author\/mauro-mereu\/","display_name":"Mauro Mereu"},"relative_dates":{"created":"Posted 3 years ago","modified":"Updated 3 years ago"},"absolute_dates":{"created":"Posted on December 29, 2022","modified":"Updated on December 29, 2022"},"absolute_dates_time":{"created":"Posted on December 29, 2022 2:00 pm","modified":"Updated on December 29, 2022 2:00 pm"},"featured_img_caption":"","tax_additional":{"category":{"linked":["<a href=\"https:\/\/ioplus.nl\/archive\/en\/category\/sustainability-nl\/\" class=\"advgb-post-tax-term\">Sustainability<\/a>"],"unlinked":["<span class=\"advgb-post-tax-term\">Sustainability<\/span>"],"slug":"category","name":"Categories"},"post_tag":{"linked":["<a href=\"https:\/\/ioplus.nl\/archive\/en\/tag\/fiber\/\" class=\"advgb-post-tax-term\">fiber<\/a>","<a href=\"https:\/\/ioplus.nl\/archive\/en\/tag\/universitat-politecnica-de-valencia-2\/\" class=\"advgb-post-tax-term\">Universitat Politecnica de Valencia<\/a>","<a href=\"https:\/\/ioplus.nl\/archive\/en\/tag\/waste\/\" class=\"advgb-post-tax-term\">Waste<\/a>"],"unlinked":["<span class=\"advgb-post-tax-term\">fiber<\/span>","<span class=\"advgb-post-tax-term\">Universitat Politecnica de Valencia<\/span>","<span class=\"advgb-post-tax-term\">Waste<\/span>"],"slug":"post_tag","name":"Tags"},"language":{"linked":["<a href=\"https:\/\/ioplus.nl\/archive\/en\/\" class=\"advgb-post-tax-term\">EN<\/a>"],"unlinked":["<span class=\"advgb-post-tax-term\">EN<\/span>"],"slug":"language","name":"Tags"},"post_translations":{"linked":[],"unlinked":[],"slug":"post_translations","name":""},"location":{"linked":["<a href=\"https:\/\/ioplus.nl\/archive\/location\/spain\/\" class=\"advgb-post-tax-term\">Spain<\/a>"],"unlinked":["<span class=\"advgb-post-tax-term\">Spain<\/span>"],"slug":"location","name":"Locations"},"internal_archives":{"linked":[],"unlinked":[],"slug":"internal_archives","name":"Internal Archives"}},"series_order":"","_links":{"self":[{"href":"https:\/\/ioplus.nl\/archive\/wp-json\/wp\/v2\/selected\/431249","targetHints":{"allow":["GET"]}}],"collection":[{"href":"https:\/\/ioplus.nl\/archive\/wp-json\/wp\/v2\/selected"}],"about":[{"href":"https:\/\/ioplus.nl\/archive\/wp-json\/wp\/v2\/types\/selected"}],"author":[{"embeddable":true,"href":"https:\/\/ioplus.nl\/archive\/wp-json\/wp\/v2\/users\/2084"}],"wp:featuredmedia":[{"embeddable":true,"href":"https:\/\/ioplus.nl\/archive\/wp-json\/wp\/v2\/media\/515648"}],"wp:attachment":[{"href":"https:\/\/ioplus.nl\/archive\/wp-json\/wp\/v2\/media?parent=431249"}],"wp:term":[{"taxonomy":"category","embeddable":true,"href":"https:\/\/ioplus.nl\/archive\/wp-json\/wp\/v2\/categories?post=431249"},{"taxonomy":"post_tag","embeddable":true,"href":"https:\/\/ioplus.nl\/archive\/wp-json\/wp\/v2\/tags?post=431249"},{"taxonomy":"location","embeddable":true,"href":"https:\/\/ioplus.nl\/archive\/wp-json\/wp\/v2\/location?post=431249"},{"taxonomy":"internal_archives","embeddable":true,"href":"https:\/\/ioplus.nl\/archive\/wp-json\/wp\/v2\/internal_archives?post=431249"}],"curies":[{"name":"wp","href":"https:\/\/api.w.org\/{rel}","templated":true}]}}

<p>Students from the Universitat Politècnica de València (UPV) created a material composed of palm tree fibers obtained from the plant waste, a <a href="http://www.upv.es/noticias-upv/noticia-13926-segunda-vida-d-es.html">press release</a> informs. The resulting material has a double advantage. On the one hand, treating and reusing palm tree waste. On the other hand, finding a sustainable and biodegradable material (similar to carbon fiber or glass).</p>



<details class="io-block io-block__expanded-box"><summary class="expanded-box__header">Why we write about this topic:</summary><div>  <p class="expanded-box__content">Palm tree residue can be a sustainable alternative to carbon and glass fiber, reliable &#8211; but polluting &#8211; materials.  </p></div></details>



<p>From surfing boards to uses in the automotive sector, the material can have plenty of applications. Companies and organizations expressed to the UPV and to the students themselves their interest in developing this technology further. </p>



<p>The &#8216;Fiberpalm&#8217; team is multidisciplinary including mechanical engineering students (Manel Cabanes, Álvaro Gallego and Mario Salido), business administration and management ones (Ángeles Vendrell and Ariadna Sánchez), and a chemical engineering student (Julián Pérez). The project received support and advice from IDEAS UPV, the body that promotes entrepreneurial initiatives at the UPV.</p>


<div class="vlp-link-container vlp-layout-basic wp-block-visual-link-preview-link"><a href="https://ioplus.nl/archive/en/dont-call-it-waste-it-can-be-turned-into-hydrogen-if-you-handle-it-right/" class="vlp-link" title="Don&#039;t call it waste - it can be turned into hydrogen if you handle it right"></a><div class="vlp-layout-zone-side"><div class="vlp-block-2 vlp-link-image"></div></div><div class="vlp-layout-zone-main"><div class="vlp-block-0 vlp-link-title">Don&#8217;t call it waste &#8211; it can be turned into hydrogen if you handle it right</div><div class="vlp-block-1 vlp-link-summary">Circularity is one way to help make the green transition happen. Now, everything can get a second life, and even what we used to consider trash can be a valuable resource.</div></div></div>


<h2 class="wp-block-heading">Solving a social and environmental problem</h2>



<p>According to the students, over 100 tons of palm residues are generated monthly on average in the south of the province of Alicante.  Most of them are burned &#8211; generating large amounts of CO<sub>2</sub> &#8211; and a small part is used for compost. Fiberpalm aims to use this raw material, creating a compostable product. </p>



<p>The goal is to produce a similar material to carbon fiber, to replace objects such as plastic trays or car dashboards. This research is also scalable to other natural products.</p>
