{"id":396533,"date":"2022-08-22T13:37:46","date_gmt":"2022-08-22T11:37:46","guid":{"rendered":"https:\/\/innovationorigins.com\/?post_type=selected&amp;p=396533"},"modified":"2022-08-22T13:37:46","modified_gmt":"2022-08-22T11:37:46","slug":"verheerend-gletscher-in-der-schweiz-zwischen-1931-und-2016-um-die-haelfte-verringert","status":"publish","type":"selected","link":"https:\/\/ioplus.nl\/archive\/de\/selected\/verheerend-gletscher-in-der-schweiz-zwischen-1931-und-2016-um-die-haelfte-verringert\/","title":{"rendered":"Verheerend: Gletscher in der Schweiz zwischen 1931 und 2016 um die H\u00e4lfte verringert"},"content":{"rendered":"\n<p>Forschende der ETH Z\u00fcrich und der WSL haben erstmals f\u00fcr die ganze Schweiz den Gletscherschwund im 20. Jahrhundert rekonstruiert. Die Forschenden nutzten dazu historisches Bildmaterial und kommen zum Schluss, dass sich das Volumen der Gletscher zwischen 1931 und 2016 um die H\u00e4lfte verringert hat, so die <a href=\"https:\/\/ethz.ch\/de\/news-und-veranstaltungen\/eth-news\/news\/2022\/08\/gletscherschwund-historisch.html\">ETH Z\u00fcrich in einer Pressemeldung<\/a>.<\/p>\n\n\n\n<iframe loading=\"lazy\" frameborder=\"0\" class=\"juxtapose\" width=\"100%\" height=\"460\" src=\"https:\/\/cdn.knightlab.com\/libs\/juxtapose\/latest\/embed\/index.html?uid=f4b7d78e-1e03-11ed-b5bb-6595d9b17862\"><\/iframe>\n\n\n\n<p><em>Blick auf den Fieschergletscher von der M\u00e4rjelenalp aus gesehen (\u00a9 swisstopo und VAW \/ ETH Z\u00fcrich)<\/em><\/p>\n\n\n\n<p>In einer aktuellen Studie, die soeben in der Fachzeitschrift\u00a0<a href=\"https:\/\/www.the-cryosphere.net\/\">The Cryosphere<\/a>\u00a0erschienen ist, rekonstruierte nun ein Team von Forschenden der ETH Z\u00fcrich und der Eidgen\u00f6ssischen Forschungsanstalt f\u00fcr Wald Schnee und Landschaft WSL f\u00fcr das Jahr 1931\u00a0die Topographie\u00a0aller Schweizer Gletscher. Aufgrund dieser Rekonstruktionen und Vergleichen mit Daten aus den 2000er Jahren kommen die Forschenden zum Schluss, dass sich das Gletschervolumen zwischen 1931 und 2016 halbiert hat.<\/p>\n\n\n<div class=\"vlp-link-container vlp-layout-basic wp-block-visual-link-preview-link\"><a href=\"https:\/\/ioplus.nl\/archive\/de\/schuttbedeckte-gletscher-als-folge-der-globalen-erwaermung\/\" class=\"vlp-link\" title=\"Schuttbedeckte Gletscher als Folge der globalen Erw\u00e4rmung\"><\/a><div class=\"vlp-layout-zone-side\"><div class=\"vlp-block-2 vlp-link-image\"><\/div><\/div><div class=\"vlp-layout-zone-main\"><div class=\"vlp-block-0 vlp-link-title\">Schuttbedeckte Gletscher als Folge der globalen Erw\u00e4rmung<\/div><div class=\"vlp-block-1 vlp-link-summary\">Die Alpen sind von der globalen Erw\u00e4rmung ungleich stark betroffen. Der Temperaturanstieg liegt hundert Prozent \u00fcber dem globalen Mittel. Eine Folge ist Gletscherschwund.<\/div><\/div><\/div>\n\n\n<p>Bitte <a href=\"https:\/\/ethz.ch\/de\/news-und-veranstaltungen\/eth-news\/news\/2022\/08\/gletscherschwund-historisch.html\">hier klicken f\u00fcr den kompletten Bericht und Bilder<\/a>. <\/p>\n\n\n\n<p>Bild: <em>Der Gornergletscher und das Monte Rosa Gebiet vom Schwarzsee aus gesehen.<\/em> (\u00a9 swisstopo und VAW \/ ETH Z\u00fcrich)<\/p>\n","protected":false},"author":1760,"featured_media":510666,"template":"","meta":{"_acf_changed":false,"advgb_blocks_editor_width":"","advgb_blocks_columns_visual_guide":""},"categories":[25213],"tags":[128405,34420,27540],"location":[53262],"internal_archives":[],"class_list":["post-396533","selected","type-selected","status-publish","has-post-thumbnail","hentry","category-nachhaltigkeit-de","tag-gletscher-de","tag-klimawandel-de","tag-nachhaltigkeit-de","location-schweiz"],"blocksy_meta":[],"acf":[],"featured_img":"https:\/\/ioplus.nl\/archive\/wp-content\/uploads\/2019\/07\/pablo-heimplatz-aIjhvNlYLcA-unsplash.jpg","coauthors":[],"author_meta":{"author_link":"https:\/\/ioplus.nl\/archive\/author\/arnoud-cornelissen\/","display_name":"Arnoud Cornelissen"},"relative_dates":{"created":"Posted 4 years ago","modified":"Updated 4 years ago"},"absolute_dates":{"created":"Posted on August 22, 2022","modified":"Updated on August 22, 2022"},"absolute_dates_time":{"created":"Posted on August 22, 2022 1:37 pm","modified":"Updated on August 22, 2022 1:37 pm"},"featured_img_caption":"","tax_additional":{"category":{"linked":["<a href=\"https:\/\/ioplus.nl\/archive\/de\/category\/nachhaltigkeit-de\/\" class=\"advgb-post-tax-term\">Nachhaltigkeit<\/a>"],"unlinked":["<span class=\"advgb-post-tax-term\">Nachhaltigkeit<\/span>"],"slug":"category","name":"Categories"},"post_tag":{"linked":["<a href=\"https:\/\/ioplus.nl\/archive\/de\/tag\/gletscher-de\/\" class=\"advgb-post-tax-term\">gletscher<\/a>","<a href=\"https:\/\/ioplus.nl\/archive\/de\/tag\/klimawandel-de\/\" class=\"advgb-post-tax-term\">Klimawandel<\/a>","<a href=\"https:\/\/ioplus.nl\/archive\/de\/tag\/nachhaltigkeit-de\/\" class=\"advgb-post-tax-term\">nachhaltigkeit<\/a>"],"unlinked":["<span class=\"advgb-post-tax-term\">gletscher<\/span>","<span class=\"advgb-post-tax-term\">Klimawandel<\/span>","<span class=\"advgb-post-tax-term\">nachhaltigkeit<\/span>"],"slug":"post_tag","name":"Tags"},"language":{"linked":["<a href=\"https:\/\/ioplus.nl\/archive\/de\/\" class=\"advgb-post-tax-term\">DE<\/a>"],"unlinked":["<span class=\"advgb-post-tax-term\">DE<\/span>"],"slug":"language","name":"Tags"},"post_translations":{"linked":["<a href=\"https:\/\/ioplus.nl\/archive\/?taxonomy=post_translations&#038;term=pll_63036a2418cbd\" class=\"advgb-post-tax-term\">pll_63036a2418cbd<\/a>"],"unlinked":["<span class=\"advgb-post-tax-term\">pll_63036a2418cbd<\/span>"],"slug":"post_translations","name":""},"location":{"linked":["<a href=\"https:\/\/ioplus.nl\/archive\/location\/schweiz\/\" class=\"advgb-post-tax-term\">Schweiz<\/a>"],"unlinked":["<span class=\"advgb-post-tax-term\">Schweiz<\/span>"],"slug":"location","name":"Locations"},"internal_archives":{"linked":[],"unlinked":[],"slug":"internal_archives","name":"Internal Archives"}},"series_order":"","_links":{"self":[{"href":"https:\/\/ioplus.nl\/archive\/wp-json\/wp\/v2\/selected\/396533","targetHints":{"allow":["GET"]}}],"collection":[{"href":"https:\/\/ioplus.nl\/archive\/wp-json\/wp\/v2\/selected"}],"about":[{"href":"https:\/\/ioplus.nl\/archive\/wp-json\/wp\/v2\/types\/selected"}],"author":[{"embeddable":true,"href":"https:\/\/ioplus.nl\/archive\/wp-json\/wp\/v2\/users\/1760"}],"wp:featuredmedia":[{"embeddable":true,"href":"https:\/\/ioplus.nl\/archive\/wp-json\/wp\/v2\/media\/510666"}],"wp:attachment":[{"href":"https:\/\/ioplus.nl\/archive\/wp-json\/wp\/v2\/media?parent=396533"}],"wp:term":[{"taxonomy":"category","embeddable":true,"href":"https:\/\/ioplus.nl\/archive\/wp-json\/wp\/v2\/categories?post=396533"},{"taxonomy":"post_tag","embeddable":true,"href":"https:\/\/ioplus.nl\/archive\/wp-json\/wp\/v2\/tags?post=396533"},{"taxonomy":"location","embeddable":true,"href":"https:\/\/ioplus.nl\/archive\/wp-json\/wp\/v2\/location?post=396533"},{"taxonomy":"internal_archives","embeddable":true,"href":"https:\/\/ioplus.nl\/archive\/wp-json\/wp\/v2\/internal_archives?post=396533"}],"curies":[{"name":"wp","href":"https:\/\/api.w.org\/{rel}","templated":true}]}}

Verheerend: Gletscher in der Schweiz zwischen 1931 und 2016 um die Hälfte verringert

<p>Forschende der ETH Zürich und der WSL haben erstmals für die ganze Schweiz den Gletscherschwund im 20. Jahrhundert rekonstruiert. Die Forschenden nutzten dazu historisches Bildmaterial und kommen zum Schluss, dass sich das Volumen der Gletscher zwischen 1931 und 2016 um die Hälfte verringert hat, so die <a href="https://ethz.ch/de/news-und-veranstaltungen/eth-news/news/2022/08/gletscherschwund-historisch.html">ETH Zürich in einer Pressemeldung</a>.</p>



<iframe loading="lazy" frameborder="0" class="juxtapose" width="100%" height="460" src="https://cdn.knightlab.com/libs/juxtapose/latest/embed/index.html?uid=f4b7d78e-1e03-11ed-b5bb-6595d9b17862"></iframe>



<p><em>Blick auf den Fieschergletscher von der Märjelenalp aus gesehen (© swisstopo und VAW / ETH Zürich)</em></p>



<p>In einer aktuellen Studie, die soeben in der Fachzeitschrift <a href="https://www.the-cryosphere.net/">The Cryosphere</a> erschienen ist, rekonstruierte nun ein Team von Forschenden der ETH Zürich und der Eidgenössischen Forschungsanstalt für Wald Schnee und Landschaft WSL für das Jahr 1931 die Topographie aller Schweizer Gletscher. Aufgrund dieser Rekonstruktionen und Vergleichen mit Daten aus den 2000er Jahren kommen die Forschenden zum Schluss, dass sich das Gletschervolumen zwischen 1931 und 2016 halbiert hat.</p>


<div class="vlp-link-container vlp-layout-basic wp-block-visual-link-preview-link"><a href="https://ioplus.nl/archive/de/schuttbedeckte-gletscher-als-folge-der-globalen-erwaermung/" class="vlp-link" title="Schuttbedeckte Gletscher als Folge der globalen Erwärmung"></a><div class="vlp-layout-zone-side"><div class="vlp-block-2 vlp-link-image"></div></div><div class="vlp-layout-zone-main"><div class="vlp-block-0 vlp-link-title">Schuttbedeckte Gletscher als Folge der globalen Erwärmung</div><div class="vlp-block-1 vlp-link-summary">Die Alpen sind von der globalen Erwärmung ungleich stark betroffen. Der Temperaturanstieg liegt hundert Prozent über dem globalen Mittel. Eine Folge ist Gletscherschwund.</div></div></div>


<p>Bitte <a href="https://ethz.ch/de/news-und-veranstaltungen/eth-news/news/2022/08/gletscherschwund-historisch.html">hier klicken für den kompletten Bericht und Bilder</a>. </p>



<p>Bild: <em>Der Gornergletscher und das Monte Rosa Gebiet vom Schwarzsee aus gesehen.</em> (© swisstopo und VAW / ETH Zürich)</p>
