{"id":375107,"date":"2022-05-20T11:19:01","date_gmt":"2022-05-20T09:19:01","guid":{"rendered":"https:\/\/innovationorigins.com\/?post_type=selected&amp;p=375107"},"modified":"2022-05-20T11:19:01","modified_gmt":"2022-05-20T09:19:01","slug":"3d-basierte-lagekontrolle-in-der-strahlentherapie","status":"publish","type":"selected","link":"https:\/\/ioplus.nl\/archive\/de\/selected\/3d-basierte-lagekontrolle-in-der-strahlentherapie\/","title":{"rendered":"3D-basierte Lagekontrolle in der Strahlentherapie"},"content":{"rendered":"\n<p>F\u00fcr die Strahlenbehandlung von Tumoren machen sich Medizinerinnen und Mediziner die zerst\u00f6rerische Kraft der Strahlenbehandlung zunutze: Mit ihr lassen sich die Tumorzellen gezielt abt\u00f6ten und krebskranke Menschen in die Heilung f\u00fchren. Elementar ist, die Tumorregion vollst\u00e4ndig zu treffen und das gesunde Gewebe gleichzeitig m\u00f6glichst zu schonen \u2013 eine Pr\u00e4zision, von welcher der Behandlungserfolg ma\u00dfgeblich abh\u00e4ngt. <\/p>\n\n\n\n<p>Das medizinische Personal erstellt daher vorab \u00fcber die strahlenbasierte Computertomographie ein genaues Bild des Tumors und plant anhand dieser Aufnahmen die Behandlung. Steht einige Tage sp\u00e4ter die eigentliche Bestrahlung an, muss die zu behandelnde Person exakt so positioniert werden wie bei der Erstuntersuchung. Auch darf sich die Lage w\u00e4hrend der Therapie nicht ver\u00e4ndern, so Fraunhofer Gesellschaft in einer <a href=\"https:\/\/www.fraunhofer.de\/de\/presse\/presseinformationen\/2022\/mai-2022\/einzigartige-messtechnik-3d-basierte-lagekontrolle-in-der-strahlentherapie.html\">Pressemeldung<\/a>.<\/p>\n\n\n\n<p>Mit einem neuartigen System l\u00e4sst sich die Position von Patientinnen und Patienten sowohl vor als auch w\u00e4hrend einer Bestrahlungstherapie kontinuierlich \u00fcberwachen. Die Chancen auf eine erfolgreiche Behandlung und damit verbundene Heilung werden dadurch merklich gesteigert. Sprich: Ein elementarer Beitrag zu einer schonenderen und gleichzeitig effektiveren Krebstherapie. F\u00fcr das produktionsreife Gesamtsystem, entwickelt mit dem Industriepartner Varian Medical Systems, erhalten Dr. Peter K\u00fchmstedt, Dr.-Ing. Christoph Munkelt und Matthias Heinze vom Fraunhofer-Institut f\u00fcr Angewandte Optik und Feinmechanik IOF den Joseph-von-Fraunhofer-Preis 2022. Wichtig war der Jury vor allem die Erleichterung f\u00fcr die erkrankte Person, die sich der Behandlung unterzieht.<\/p>\n\n\n\n<h3 class=\"wp-block-heading\"><strong>Hochfrequente Bildrate<\/strong><\/h3>\n\n\n\n<p>&#8220;Das System bildet den Behandelten vor und w\u00e4hrend der Bestrahlung mit einer Genauigkeit von weniger als einem halben Millimeter und einer hochfrequenten Bildrate dreidimensional ab \u2013 das ist einzigartig&#8221;, betont Munkelt. &#8220;Dies erm\u00f6glicht, die optimale Ausrichtung der Strahlen unter minimaler zus\u00e4tzlicher Strahlenbelastung durch bildgebende R\u00f6ntgensysteme zu \u00fcberwachen. Optische Systeme erlauben zudem eine genaue Kontrolle der Patientenposition bei hochdosierter Bestrahlung mit wenigen Therapiesitzungen. Die Therapien sind sehr effektiv und reduzieren auch die k\u00f6rperlichen und psychischen Belastungen.&#8221;<\/p>\n\n\n\n<p> Bereits bei der ersten Untersuchung via Computertomographie projiziert ein optischer Sensor ein ver\u00e4nderliches, f\u00fcr das menschliche Auge unsichtbares Infrarot-Muster auf den K\u00f6rper, das von zwei Kameras erfasst wird. Die Patientinnen und Patienten, die aufgrund der Erkrankung bereits emotional vorbelastet sind, werden durch das Licht nicht zus\u00e4tzlich irritiert \u2013 ein weiterer Pluspunkt. Anhand der Bilder ermittelt das System ein 3D-Modell, mit dem sich die relevanten K\u00f6rperbereiche \u2013 ein bestrahltes K\u00f6rperareal in der Gr\u00f6\u00dfe von etwa 30 x 30 Zentimetern \u2013 sp\u00e4ter wieder exakt so positionieren lassen wie bei der Voruntersuchung.<\/p>\n\n\n<div class=\"vlp-link-container vlp-layout-basic wp-block-visual-link-preview-link\"><a href=\"https:\/\/ioplus.nl\/archive\/de\/konnen-uv-c-strahlen-corona-viren-in-aerosolen-unschadlich-machen\/\" class=\"vlp-link\" title=\"K\u00f6nnen UV-C-Strahlen Corona-Viren in Aerosolen unsch\u00e4dlich machen?\"><\/a><div class=\"vlp-layout-zone-side\"><div class=\"vlp-block-2 vlp-link-image\"><\/div><\/div><div class=\"vlp-layout-zone-main\"><div class=\"vlp-block-0 vlp-link-title\">K\u00f6nnen UV-C-Strahlen Corona-Viren in Aerosolen unsch\u00e4dlich machen?<\/div><div class=\"vlp-block-1 vlp-link-summary\">Viren haben es im Sommer viel schwerer, sich zu vermehren. <\/div><\/div><\/div>\n\n\n<p>Ein weiterer Vorteil: Bewegt sich die Person w\u00e4hrend der Bestrahlung, etwa weil sie stark atmet oder Ausgleichsbewegungen macht, \u00e4ndert sich auch die bestrahlte K\u00f6rperregion. Hier sorgt das System ebenfalls f\u00fcr mehr Sicherheit: \u00c4ndert sich die Lage des Patienten, registriert das System dies umgehend und schaltet die Bestrahlung sicherheitshalber aus. Perspektivisch k\u00f6nnen kleinere Lagever\u00e4nderungen z.\u2005B. infolge der Atmung adaptiert und die Bestrahlung live nachgef\u00fchrt werden. Auch herausforderndere Bestrahlungsarten von \u00f6rtlich schwer verfolgbaren Tumoren, etwa im Bereich des Unterleibs, d\u00fcrften zuk\u00fcnftig in den Bereich des M\u00f6glichen rutschen.<\/p>\n\n\n\n<p>F\u00fcr diese Entwicklung musste das Forschungsteam zahlreiche Herausforderungen meistern. &#8220;Der Kern der Entwicklung lag jedoch darin, das gesamte Paket als Methodik in eine industrielle L\u00f6sung zu \u00fcberf\u00fchren und als Sensornetzwerk auszugestalten&#8221;, verdeutlicht Heinze. Langfristig, so die Erwartung des weltweit agierenden Kooperationsunternehmens Varian Medical Systems, wird das neuartige System zur Patientenlage\u00fcberwachung global weit verbreitet sein.<\/p>\n","protected":false},"author":2084,"featured_media":524254,"template":"","meta":{"_acf_changed":false,"advgb_blocks_editor_width":"","advgb_blocks_columns_visual_guide":""},"categories":[36846],"tags":[92377,24397,95173,131908],"location":[24328],"internal_archives":[],"class_list":["post-375107","selected","type-selected","status-publish","has-post-thumbnail","hentry","category-gesundheit-de","tag-computer-tomographie-de","tag-fraunhofer-de-de","tag-strahlentherapie-de","tag-tumoren-de","location-deutschland"],"blocksy_meta":[],"acf":[],"featured_img":"https:\/\/ioplus.nl\/archive\/wp-content\/uploads\/2021\/02\/blue-light-1869254_1920.jpg","coauthors":[],"author_meta":{"author_link":"https:\/\/ioplus.nl\/archive\/author\/mauro-mereu\/","display_name":"Mauro Mereu"},"relative_dates":{"created":"Posted 4 years ago","modified":"Updated 4 years ago"},"absolute_dates":{"created":"Posted on May 20, 2022","modified":"Updated on May 20, 2022"},"absolute_dates_time":{"created":"Posted on May 20, 2022 11:19 am","modified":"Updated on May 20, 2022 11:19 am"},"featured_img_caption":"","tax_additional":{"category":{"linked":["<a href=\"https:\/\/ioplus.nl\/archive\/de\/category\/gesundheit-de\/\" class=\"advgb-post-tax-term\">Gesundheit<\/a>"],"unlinked":["<span class=\"advgb-post-tax-term\">Gesundheit<\/span>"],"slug":"category","name":"Categories"},"post_tag":{"linked":["<a href=\"https:\/\/ioplus.nl\/archive\/de\/tag\/computer-tomographie-de\/\" class=\"advgb-post-tax-term\">Computer-Tomographie<\/a>","<a href=\"https:\/\/ioplus.nl\/archive\/de\/tag\/fraunhofer-de-de\/\" class=\"advgb-post-tax-term\">Fraunhofer<\/a>","<a href=\"https:\/\/ioplus.nl\/archive\/de\/tag\/strahlentherapie-de\/\" class=\"advgb-post-tax-term\">Strahlentherapie<\/a>","<a href=\"https:\/\/ioplus.nl\/archive\/de\/tag\/tumoren-de\/\" class=\"advgb-post-tax-term\">tumoren<\/a>"],"unlinked":["<span class=\"advgb-post-tax-term\">Computer-Tomographie<\/span>","<span class=\"advgb-post-tax-term\">Fraunhofer<\/span>","<span class=\"advgb-post-tax-term\">Strahlentherapie<\/span>","<span class=\"advgb-post-tax-term\">tumoren<\/span>"],"slug":"post_tag","name":"Tags"},"language":{"linked":["<a href=\"https:\/\/ioplus.nl\/archive\/de\/\" class=\"advgb-post-tax-term\">DE<\/a>"],"unlinked":["<span class=\"advgb-post-tax-term\">DE<\/span>"],"slug":"language","name":"Tags"},"post_translations":{"linked":["<a href=\"https:\/\/ioplus.nl\/archive\/?taxonomy=post_translations&#038;term=pll_628749dbf1e7e\" class=\"advgb-post-tax-term\">pll_628749dbf1e7e<\/a>"],"unlinked":["<span class=\"advgb-post-tax-term\">pll_628749dbf1e7e<\/span>"],"slug":"post_translations","name":""},"location":{"linked":["<a href=\"https:\/\/ioplus.nl\/archive\/location\/deutschland\/\" class=\"advgb-post-tax-term\">Deutschland<\/a>"],"unlinked":["<span class=\"advgb-post-tax-term\">Deutschland<\/span>"],"slug":"location","name":"Locations"},"internal_archives":{"linked":[],"unlinked":[],"slug":"internal_archives","name":"Internal Archives"}},"series_order":"","_links":{"self":[{"href":"https:\/\/ioplus.nl\/archive\/wp-json\/wp\/v2\/selected\/375107","targetHints":{"allow":["GET"]}}],"collection":[{"href":"https:\/\/ioplus.nl\/archive\/wp-json\/wp\/v2\/selected"}],"about":[{"href":"https:\/\/ioplus.nl\/archive\/wp-json\/wp\/v2\/types\/selected"}],"author":[{"embeddable":true,"href":"https:\/\/ioplus.nl\/archive\/wp-json\/wp\/v2\/users\/2084"}],"wp:featuredmedia":[{"embeddable":true,"href":"https:\/\/ioplus.nl\/archive\/wp-json\/wp\/v2\/media\/524254"}],"wp:attachment":[{"href":"https:\/\/ioplus.nl\/archive\/wp-json\/wp\/v2\/media?parent=375107"}],"wp:term":[{"taxonomy":"category","embeddable":true,"href":"https:\/\/ioplus.nl\/archive\/wp-json\/wp\/v2\/categories?post=375107"},{"taxonomy":"post_tag","embeddable":true,"href":"https:\/\/ioplus.nl\/archive\/wp-json\/wp\/v2\/tags?post=375107"},{"taxonomy":"location","embeddable":true,"href":"https:\/\/ioplus.nl\/archive\/wp-json\/wp\/v2\/location?post=375107"},{"taxonomy":"internal_archives","embeddable":true,"href":"https:\/\/ioplus.nl\/archive\/wp-json\/wp\/v2\/internal_archives?post=375107"}],"curies":[{"name":"wp","href":"https:\/\/api.w.org\/{rel}","templated":true}]}}

<p>Für die Strahlenbehandlung von Tumoren machen sich Medizinerinnen und Mediziner die zerstörerische Kraft der Strahlenbehandlung zunutze: Mit ihr lassen sich die Tumorzellen gezielt abtöten und krebskranke Menschen in die Heilung führen. Elementar ist, die Tumorregion vollständig zu treffen und das gesunde Gewebe gleichzeitig möglichst zu schonen – eine Präzision, von welcher der Behandlungserfolg maßgeblich abhängt. </p>



<p>Das medizinische Personal erstellt daher vorab über die strahlenbasierte Computertomographie ein genaues Bild des Tumors und plant anhand dieser Aufnahmen die Behandlung. Steht einige Tage später die eigentliche Bestrahlung an, muss die zu behandelnde Person exakt so positioniert werden wie bei der Erstuntersuchung. Auch darf sich die Lage während der Therapie nicht verändern, so Fraunhofer Gesellschaft in einer <a href="https://www.fraunhofer.de/de/presse/presseinformationen/2022/mai-2022/einzigartige-messtechnik-3d-basierte-lagekontrolle-in-der-strahlentherapie.html">Pressemeldung</a>.</p>



<p>Mit einem neuartigen System lässt sich die Position von Patientinnen und Patienten sowohl vor als auch während einer Bestrahlungstherapie kontinuierlich überwachen. Die Chancen auf eine erfolgreiche Behandlung und damit verbundene Heilung werden dadurch merklich gesteigert. Sprich: Ein elementarer Beitrag zu einer schonenderen und gleichzeitig effektiveren Krebstherapie. Für das produktionsreife Gesamtsystem, entwickelt mit dem Industriepartner Varian Medical Systems, erhalten Dr. Peter Kühmstedt, Dr.-Ing. Christoph Munkelt und Matthias Heinze vom Fraunhofer-Institut für Angewandte Optik und Feinmechanik IOF den Joseph-von-Fraunhofer-Preis 2022. Wichtig war der Jury vor allem die Erleichterung für die erkrankte Person, die sich der Behandlung unterzieht.</p>



<h3 class="wp-block-heading"><strong>Hochfrequente Bildrate</strong></h3>



<p>&#8220;Das System bildet den Behandelten vor und während der Bestrahlung mit einer Genauigkeit von weniger als einem halben Millimeter und einer hochfrequenten Bildrate dreidimensional ab – das ist einzigartig&#8221;, betont Munkelt. &#8220;Dies ermöglicht, die optimale Ausrichtung der Strahlen unter minimaler zusätzlicher Strahlenbelastung durch bildgebende Röntgensysteme zu überwachen. Optische Systeme erlauben zudem eine genaue Kontrolle der Patientenposition bei hochdosierter Bestrahlung mit wenigen Therapiesitzungen. Die Therapien sind sehr effektiv und reduzieren auch die körperlichen und psychischen Belastungen.&#8221;</p>



<p> Bereits bei der ersten Untersuchung via Computertomographie projiziert ein optischer Sensor ein veränderliches, für das menschliche Auge unsichtbares Infrarot-Muster auf den Körper, das von zwei Kameras erfasst wird. Die Patientinnen und Patienten, die aufgrund der Erkrankung bereits emotional vorbelastet sind, werden durch das Licht nicht zusätzlich irritiert – ein weiterer Pluspunkt. Anhand der Bilder ermittelt das System ein 3D-Modell, mit dem sich die relevanten Körperbereiche – ein bestrahltes Körperareal in der Größe von etwa 30 x 30 Zentimetern – später wieder exakt so positionieren lassen wie bei der Voruntersuchung.</p>


<div class="vlp-link-container vlp-layout-basic wp-block-visual-link-preview-link"><a href="https://ioplus.nl/archive/de/konnen-uv-c-strahlen-corona-viren-in-aerosolen-unschadlich-machen/" class="vlp-link" title="Können UV-C-Strahlen Corona-Viren in Aerosolen unschädlich machen?"></a><div class="vlp-layout-zone-side"><div class="vlp-block-2 vlp-link-image"></div></div><div class="vlp-layout-zone-main"><div class="vlp-block-0 vlp-link-title">Können UV-C-Strahlen Corona-Viren in Aerosolen unschädlich machen?</div><div class="vlp-block-1 vlp-link-summary">Viren haben es im Sommer viel schwerer, sich zu vermehren. </div></div></div>


<p>Ein weiterer Vorteil: Bewegt sich die Person während der Bestrahlung, etwa weil sie stark atmet oder Ausgleichsbewegungen macht, ändert sich auch die bestrahlte Körperregion. Hier sorgt das System ebenfalls für mehr Sicherheit: Ändert sich die Lage des Patienten, registriert das System dies umgehend und schaltet die Bestrahlung sicherheitshalber aus. Perspektivisch können kleinere Lageveränderungen z. B. infolge der Atmung adaptiert und die Bestrahlung live nachgeführt werden. Auch herausforderndere Bestrahlungsarten von örtlich schwer verfolgbaren Tumoren, etwa im Bereich des Unterleibs, dürften zukünftig in den Bereich des Möglichen rutschen.</p>



<p>Für diese Entwicklung musste das Forschungsteam zahlreiche Herausforderungen meistern. &#8220;Der Kern der Entwicklung lag jedoch darin, das gesamte Paket als Methodik in eine industrielle Lösung zu überführen und als Sensornetzwerk auszugestalten&#8221;, verdeutlicht Heinze. Langfristig, so die Erwartung des weltweit agierenden Kooperationsunternehmens Varian Medical Systems, wird das neuartige System zur Patientenlageüberwachung global weit verbreitet sein.</p>
