{"id":372381,"date":"2022-05-06T12:42:49","date_gmt":"2022-05-06T10:42:49","guid":{"rendered":"https:\/\/innovationorigins.com\/?post_type=selected&amp;p=372381"},"modified":"2022-05-06T12:42:49","modified_gmt":"2022-05-06T10:42:49","slug":"temporaeres-lokales-5g-netz-fuer-die-waldbrandbekaempfung","status":"publish","type":"selected","link":"https:\/\/ioplus.nl\/archive\/de\/selected\/temporaeres-lokales-5g-netz-fuer-die-waldbrandbekaempfung\/","title":{"rendered":"Tempor\u00e4res, lokales 5G-Netz f\u00fcr die Waldbrandbek\u00e4mpfung"},"content":{"rendered":"\n<p>Waldbr\u00e4nde richten nicht nur in s\u00fcdlichen L\u00e4ndern katastrophale Sch\u00e4den an, auch Deutschland ist betroffen: Ein Drittel aller Waldbr\u00e4nde hierzulande ereignet sich in Brandenburg. Das Bundesland mit seinen ausgedehnten Kiefernw\u00e4ldern, geringem Niederschlag und leichten Sandb\u00f6den weist bundesweit die h\u00f6chste Waldbrandgef\u00e4hrdung auf. J\u00e4hrlich brennt es dort mehrere hundert Mal. Polizei und Feuerwehr m\u00fcssen bei der Bek\u00e4mpfung der Feuer die Aufkl\u00e4rung, \u00dcberwachung, Absicherung und Lageerfassung einer Fl\u00e4che von jeweils mehreren Quadratkilometern bewerkstelligen. Hier setzt das Projekt ALADIN (Advanced Low Altitude Data Information System) an, das vom Bundesministerium f\u00fcr Verkehr und Digitale Infrastruktur BMVI gef\u00f6rdert wird: Durch den Aufbau eines mobilen 5G-Campusnetzes soll eine bedarfsgerechte 5G-Vernetzung von Einsatzkr\u00e4ften und -mitteln erm\u00f6glicht werden. Ziel ist es, bei Eins\u00e4tzen in nicht zug\u00e4nglichen Gebieten ein Echtzeitlagebild der Brandsituation mithilfe von Drohnen zu erhalten, L\u00f6schfahrzeuge zu steuern und die Einsatzkr\u00e4fte miteinander zu vernetzen. Dies gelingt mithilfe des 5G+ Nomadic Node des Fraunhofer FOKUS, so Fraunhofer Gesellschaft in einer <a href=\"https:\/\/www.fraunhofer.de\/de\/presse\/presseinformationen\/2022\/mai-2022\/temporaeres-lokales-5G-Netz-fuer-die-waldbrandbekaempfung.html\">Pressemeldung<\/a>.<\/p>\n\n\n\n<p>Im Nomadic Node kommt mit dem Standard-basierten Open5GCore des Fraunhofer FOKUS ein Software-basiertes Kernnetz zum Einsatz, in dem die Steuerprogramme f\u00fcr die Kommunikation laufen. Der Open5GCore erm\u00f6glicht es, ein 5G-Netz im \u00bbStand-Alone\u00ab (SA)-Betrieb sehr schnell aufzusetzen und verf\u00fcgbar zu machen. Dabei steht den Nutzerinnen und Nutzern der volle Funktionsumfang des Mobilfunkstandards zur Verf\u00fcgung. Dies geht \u00fcber die verbreiteten Non-Stand-Alone-L\u00f6sungen hinaus, die lediglich 5G-Basisstationen mit 4G-Kernnetzen kombinieren. Der Open5GCore ist mit 5G-Basisstationen unterschiedlicher Hersteller interoperabel und seit vielen Jahren das Versuchskernnetz f\u00fcr Mobilfunkbetreiber und -hersteller in aller Welt, um neue Funktionen f\u00fcr zuk\u00fcnftige Mobilfunksysteme zu testen und innovative Use Cases zu validieren. Aufgrund seiner Modularit\u00e4t eignet sich der Open5GCore ebenso f\u00fcr diverse Debugging-, Integrations- und Abnahmetests. Dar\u00fcber hinaus erlaubt das modulare, virtualisierte Kernnetz eine flexible Kombination von Netzfunktionen f\u00fcr optimierte Anwendungsunterst\u00fctzung auf Edge Clouds. \u00bbPrivate 5G-Netze in Kombination mit Edge Computing erm\u00f6glichen sichere, echtzeitnahe Kommunikationsnetze sowohl im industriellen Umfeld wie in Fabrikhallen als auch in Gebieten ohne jegliche Kommunikationsinfrastruktur, in die man mit unserem Nomadic Node-Setting eine kompakte Variante einer Edge Cloud bringen kann\u00ab, sagt Marc Emmelmann, Projektleiter ALADIN am Fraunhofer FOKUS.<\/p>\n\n\n\n<h3 class=\"wp-block-heading\"><strong>Individuelles 5G-Netz in wenigen Minuten<\/strong><\/h3>\n\n\n\n<p>Das gesamte 5G Nomadic Node-Setting besteht aus wenigen robusten, transportablen Server-Koffern f\u00fcr die notwendige Hard- und Software, um ein \u00bbnomadisches\u00ab, abgesichertes 5G-Campusnetz in wenigen Minuten aufzuspannen. \u00bbIn Brandenburgs Waldgebieten existiert keine hinreichende Kommunikationsinfrastruktur, um unbemannte L\u00f6schroboter zu steuern oder Drohnen-Videos zur Einsatzzentrale zu schicken. Feuerwehrpersonal kann die W\u00e4lder aus Sicherheitsgr\u00fcnden nicht betreten, da viele Fl\u00e4chen noch mit Munition sowie mit Bomben- und Granatblindg\u00e4ngern aus dem zweiten Weltkrieg kontaminiert sind. Mit unserem Kernnetz, dem Open5GCore, k\u00f6nnen wir hier Abhilfe schaffen und ein geografisch begrenztes, flexibles und passgenaues 5G-Netz aufbauen\u00ab, sagt Emmelmann.<\/p>\n\n\n\n<h3 class=\"wp-block-heading\"><strong>Feldversuch auf dem Flugplatz Sch\u00f6nhagen in Brandenburg<\/strong><\/h3>\n\n\n\n<p>Der 5G+ Nomadic Node umfasst einen Server, auf dem der Open5GCore l\u00e4uft, sowie eine Base Band Unit mit Funkkabel. Die Basisbandeinheit ist mit dem Kernnetz verbunden und verarbeitet die auszustrahlenden und zu empfangenen Daten digital. Ein zus\u00e4tzlicher Server-Koffer enth\u00e4lt je nach Bedarf eine Batterie f\u00fcr die unterbrechungsfreie Stromversorgung oder einen Dieselgenerator. Dar\u00fcber hinaus geh\u00f6rt optional ein Antennensystem mit Satellitenanbindung zur Ausstattung. \u00bbEine Satellitenanbindung ben\u00f6tigen wir im ALADIN-Projekt etwa, um auf Wunsch eine Anbindung an das Lage- und Kommandozentrum der Feuerwehr zu realisieren. Unsere nomadische Zelle kann \u2013 je nach Anwendungsfall \u2013 auch \u00fcber das Hausstromnetz versorgt werden\u00ab, so Emmelmann. Bereits im zweiten Quartal dieses Jahres startet ein Feldversuch auf dem Flugplatz Sch\u00f6nhagen in Brandenburg. Dabei wird das f\u00fcr Campusnetze reservierte 3,7 GHz-Spektrum genutzt. Geplant ist die Abdeckung etwa eines Quadratkilometers.<\/p>\n\n\n\n<p>Bereits im Herbst 2019 konnte das Forscherteam rund um Marc Emmelmann mit Partnern in einem Feldversuch zeigen, dass es kurzfristig machbar ist, ein 5G-Netz vor Ort f\u00fcr den lokalen Einsatz aufzusetzen. Eine 180-Grad-Kamera nahm die Licht-Kunstwerke des Festivals of Lights in Berlin auf. \u00dcber das tempor\u00e4re Netz konnten Testpersonen das Video dann auf ihrem Smartphone empfangen.<\/p>\n\n\n\n<h3 class=\"wp-block-heading\"><strong>Campusnetze als Innovationstreiber f\u00fcr neue Technologien<\/strong><\/h3>\n\n\n\n<p>Im n\u00e4chsten Schritt planen die Forscherinnen und Forscher, den Nomadic Node um Open-RAN (Radio Access Network)-Technologien zu erweitern. Im Lauf des Jahres wird er dann im Rahmen von CampusOS, einem Leitprojekt des Bundesministeriums f\u00fcr Wirtschaft und Klimaschutz, auch auf mobilen Baustellen eingesetzt. \u00bbMit dem 5G+ Nomadic Node k\u00f6nnen wir Campusnetze installieren, die sich an tempor\u00e4re Bedarfe anpassen lassen. Diese Flexibilit\u00e4t gelingt durch Netzvirtualisierung: Wie in einem Baukasten k\u00f6nnen neue Funkkomponenten und Softwarefunktionen fr\u00fchzeitig eingebunden werden. Campusnetze sind damit Innovationstreiber f\u00fcr neue Technologien\u00ab, res\u00fcmiert der Ingenieur.<\/p>\n\n\n<div class=\"vlp-link-container vlp-layout-basic wp-block-visual-link-preview-link\"><a href=\"https:\/\/ioplus.nl\/archive\/de\/neues-messsystem-erkennt-waldbraende-bevor-aus-rauch-feuer-wird\/\" class=\"vlp-link\" title=\"Neues Messsystem erkennt Waldbr\u00e4nde, bevor aus Rauch Feuer wird\"><\/a><div class=\"vlp-layout-zone-side\"><div class=\"vlp-block-2 vlp-link-image\"><\/div><\/div><div class=\"vlp-layout-zone-main\"><div class=\"vlp-block-0 vlp-link-title\">Neues Messsystem erkennt Waldbr\u00e4nde, bevor aus Rauch Feuer wird<\/div><div class=\"vlp-block-1 vlp-link-summary\">Jeden Sommer wird S\u00fcdeuropa von Waldbr\u00e4nden heimgesucht, die hektarweise W\u00e4lder zerst\u00f6ren und eine Gefahr f\u00fcr die Pflanzen- und die Tierwelt darstellen.<\/div><\/div><\/div>","protected":false},"author":2084,"featured_media":513429,"template":"","meta":{"_acf_changed":false,"advgb_blocks_editor_width":"","advgb_blocks_columns_visual_guide":""},"categories":[36843],"tags":[131845,131848,33038,131851,105298,113653],"location":[24328],"internal_archives":[],"class_list":["post-372381","selected","type-selected","status-publish","has-post-thumbnail","hentry","category-digital-de-de","tag-5g-netz-de","tag-bundesministerium-fuer-verkehr-und-digitale-infrastruktur-de","tag-fraunhofer-institut-de","tag-nomadic-node-de","tag-telekommunikationsdaten-de","tag-waldbraende-de","location-deutschland"],"blocksy_meta":[],"acf":[],"featured_img":"https:\/\/ioplus.nl\/archive\/wp-content\/uploads\/2022\/04\/072dcb_f1a5c1b6eb77408a99693db98c6d66fa_mv2.jpg","coauthors":[],"author_meta":{"author_link":"https:\/\/ioplus.nl\/archive\/author\/mauro-mereu\/","display_name":"Mauro Mereu"},"relative_dates":{"created":"Posted 4 years ago","modified":"Updated 4 years ago"},"absolute_dates":{"created":"Posted on May 6, 2022","modified":"Updated on May 6, 2022"},"absolute_dates_time":{"created":"Posted on May 6, 2022 12:42 pm","modified":"Updated on May 6, 2022 12:42 pm"},"featured_img_caption":"","tax_additional":{"category":{"linked":["<a href=\"https:\/\/ioplus.nl\/archive\/de\/category\/digital-de-de\/\" class=\"advgb-post-tax-term\">Digital<\/a>"],"unlinked":["<span class=\"advgb-post-tax-term\">Digital<\/span>"],"slug":"category","name":"Categories"},"post_tag":{"linked":["<a href=\"https:\/\/ioplus.nl\/archive\/de\/tag\/5g-netz-de\/\" class=\"advgb-post-tax-term\">5G-netz<\/a>","<a href=\"https:\/\/ioplus.nl\/archive\/de\/tag\/bundesministerium-fuer-verkehr-und-digitale-infrastruktur-de\/\" class=\"advgb-post-tax-term\">Bundesministerium f\u00fcr Verkehr und Digitale Infrastruktur<\/a>","<a href=\"https:\/\/ioplus.nl\/archive\/de\/tag\/fraunhofer-institut-de\/\" class=\"advgb-post-tax-term\">Fraunhofer Institut<\/a>","<a href=\"https:\/\/ioplus.nl\/archive\/de\/tag\/nomadic-node-de\/\" class=\"advgb-post-tax-term\">Nomadic Node<\/a>","<a href=\"https:\/\/ioplus.nl\/archive\/de\/tag\/telekommunikationsdaten-de\/\" class=\"advgb-post-tax-term\">Telekommunikationsdaten<\/a>","<a href=\"https:\/\/ioplus.nl\/archive\/de\/tag\/waldbraende-de\/\" class=\"advgb-post-tax-term\">Waldbr\u00e4nde<\/a>"],"unlinked":["<span class=\"advgb-post-tax-term\">5G-netz<\/span>","<span class=\"advgb-post-tax-term\">Bundesministerium f\u00fcr Verkehr und Digitale Infrastruktur<\/span>","<span class=\"advgb-post-tax-term\">Fraunhofer Institut<\/span>","<span class=\"advgb-post-tax-term\">Nomadic Node<\/span>","<span class=\"advgb-post-tax-term\">Telekommunikationsdaten<\/span>","<span class=\"advgb-post-tax-term\">Waldbr\u00e4nde<\/span>"],"slug":"post_tag","name":"Tags"},"language":{"linked":["<a href=\"https:\/\/ioplus.nl\/archive\/de\/\" class=\"advgb-post-tax-term\">DE<\/a>"],"unlinked":["<span class=\"advgb-post-tax-term\">DE<\/span>"],"slug":"language","name":"Tags"},"post_translations":{"linked":["<a href=\"https:\/\/ioplus.nl\/archive\/?taxonomy=post_translations&#038;term=pll_6274efe40e397\" class=\"advgb-post-tax-term\">pll_6274efe40e397<\/a>"],"unlinked":["<span class=\"advgb-post-tax-term\">pll_6274efe40e397<\/span>"],"slug":"post_translations","name":""},"location":{"linked":["<a href=\"https:\/\/ioplus.nl\/archive\/location\/deutschland\/\" class=\"advgb-post-tax-term\">Deutschland<\/a>"],"unlinked":["<span class=\"advgb-post-tax-term\">Deutschland<\/span>"],"slug":"location","name":"Locations"},"internal_archives":{"linked":[],"unlinked":[],"slug":"internal_archives","name":"Internal Archives"}},"series_order":"","_links":{"self":[{"href":"https:\/\/ioplus.nl\/archive\/wp-json\/wp\/v2\/selected\/372381","targetHints":{"allow":["GET"]}}],"collection":[{"href":"https:\/\/ioplus.nl\/archive\/wp-json\/wp\/v2\/selected"}],"about":[{"href":"https:\/\/ioplus.nl\/archive\/wp-json\/wp\/v2\/types\/selected"}],"author":[{"embeddable":true,"href":"https:\/\/ioplus.nl\/archive\/wp-json\/wp\/v2\/users\/2084"}],"wp:featuredmedia":[{"embeddable":true,"href":"https:\/\/ioplus.nl\/archive\/wp-json\/wp\/v2\/media\/513429"}],"wp:attachment":[{"href":"https:\/\/ioplus.nl\/archive\/wp-json\/wp\/v2\/media?parent=372381"}],"wp:term":[{"taxonomy":"category","embeddable":true,"href":"https:\/\/ioplus.nl\/archive\/wp-json\/wp\/v2\/categories?post=372381"},{"taxonomy":"post_tag","embeddable":true,"href":"https:\/\/ioplus.nl\/archive\/wp-json\/wp\/v2\/tags?post=372381"},{"taxonomy":"location","embeddable":true,"href":"https:\/\/ioplus.nl\/archive\/wp-json\/wp\/v2\/location?post=372381"},{"taxonomy":"internal_archives","embeddable":true,"href":"https:\/\/ioplus.nl\/archive\/wp-json\/wp\/v2\/internal_archives?post=372381"}],"curies":[{"name":"wp","href":"https:\/\/api.w.org\/{rel}","templated":true}]}}

Temporäres, lokales 5G-Netz für die Waldbrandbekämpfung

<p>Waldbrände richten nicht nur in südlichen Ländern katastrophale Schäden an, auch Deutschland ist betroffen: Ein Drittel aller Waldbrände hierzulande ereignet sich in Brandenburg. Das Bundesland mit seinen ausgedehnten Kiefernwäldern, geringem Niederschlag und leichten Sandböden weist bundesweit die höchste Waldbrandgefährdung auf. Jährlich brennt es dort mehrere hundert Mal. Polizei und Feuerwehr müssen bei der Bekämpfung der Feuer die Aufklärung, Überwachung, Absicherung und Lageerfassung einer Fläche von jeweils mehreren Quadratkilometern bewerkstelligen. Hier setzt das Projekt ALADIN (Advanced Low Altitude Data Information System) an, das vom Bundesministerium für Verkehr und Digitale Infrastruktur BMVI gefördert wird: Durch den Aufbau eines mobilen 5G-Campusnetzes soll eine bedarfsgerechte 5G-Vernetzung von Einsatzkräften und -mitteln ermöglicht werden. Ziel ist es, bei Einsätzen in nicht zugänglichen Gebieten ein Echtzeitlagebild der Brandsituation mithilfe von Drohnen zu erhalten, Löschfahrzeuge zu steuern und die Einsatzkräfte miteinander zu vernetzen. Dies gelingt mithilfe des 5G+ Nomadic Node des Fraunhofer FOKUS, so Fraunhofer Gesellschaft in einer <a href="https://www.fraunhofer.de/de/presse/presseinformationen/2022/mai-2022/temporaeres-lokales-5G-Netz-fuer-die-waldbrandbekaempfung.html">Pressemeldung</a>.</p>



<p>Im Nomadic Node kommt mit dem Standard-basierten Open5GCore des Fraunhofer FOKUS ein Software-basiertes Kernnetz zum Einsatz, in dem die Steuerprogramme für die Kommunikation laufen. Der Open5GCore ermöglicht es, ein 5G-Netz im »Stand-Alone« (SA)-Betrieb sehr schnell aufzusetzen und verfügbar zu machen. Dabei steht den Nutzerinnen und Nutzern der volle Funktionsumfang des Mobilfunkstandards zur Verfügung. Dies geht über die verbreiteten Non-Stand-Alone-Lösungen hinaus, die lediglich 5G-Basisstationen mit 4G-Kernnetzen kombinieren. Der Open5GCore ist mit 5G-Basisstationen unterschiedlicher Hersteller interoperabel und seit vielen Jahren das Versuchskernnetz für Mobilfunkbetreiber und -hersteller in aller Welt, um neue Funktionen für zukünftige Mobilfunksysteme zu testen und innovative Use Cases zu validieren. Aufgrund seiner Modularität eignet sich der Open5GCore ebenso für diverse Debugging-, Integrations- und Abnahmetests. Darüber hinaus erlaubt das modulare, virtualisierte Kernnetz eine flexible Kombination von Netzfunktionen für optimierte Anwendungsunterstützung auf Edge Clouds. »Private 5G-Netze in Kombination mit Edge Computing ermöglichen sichere, echtzeitnahe Kommunikationsnetze sowohl im industriellen Umfeld wie in Fabrikhallen als auch in Gebieten ohne jegliche Kommunikationsinfrastruktur, in die man mit unserem Nomadic Node-Setting eine kompakte Variante einer Edge Cloud bringen kann«, sagt Marc Emmelmann, Projektleiter ALADIN am Fraunhofer FOKUS.</p>



<h3 class="wp-block-heading"><strong>Individuelles 5G-Netz in wenigen Minuten</strong></h3>



<p>Das gesamte 5G Nomadic Node-Setting besteht aus wenigen robusten, transportablen Server-Koffern für die notwendige Hard- und Software, um ein »nomadisches«, abgesichertes 5G-Campusnetz in wenigen Minuten aufzuspannen. »In Brandenburgs Waldgebieten existiert keine hinreichende Kommunikationsinfrastruktur, um unbemannte Löschroboter zu steuern oder Drohnen-Videos zur Einsatzzentrale zu schicken. Feuerwehrpersonal kann die Wälder aus Sicherheitsgründen nicht betreten, da viele Flächen noch mit Munition sowie mit Bomben- und Granatblindgängern aus dem zweiten Weltkrieg kontaminiert sind. Mit unserem Kernnetz, dem Open5GCore, können wir hier Abhilfe schaffen und ein geografisch begrenztes, flexibles und passgenaues 5G-Netz aufbauen«, sagt Emmelmann.</p>



<h3 class="wp-block-heading"><strong>Feldversuch auf dem Flugplatz Schönhagen in Brandenburg</strong></h3>



<p>Der 5G+ Nomadic Node umfasst einen Server, auf dem der Open5GCore läuft, sowie eine Base Band Unit mit Funkkabel. Die Basisbandeinheit ist mit dem Kernnetz verbunden und verarbeitet die auszustrahlenden und zu empfangenen Daten digital. Ein zusätzlicher Server-Koffer enthält je nach Bedarf eine Batterie für die unterbrechungsfreie Stromversorgung oder einen Dieselgenerator. Darüber hinaus gehört optional ein Antennensystem mit Satellitenanbindung zur Ausstattung. »Eine Satellitenanbindung benötigen wir im ALADIN-Projekt etwa, um auf Wunsch eine Anbindung an das Lage- und Kommandozentrum der Feuerwehr zu realisieren. Unsere nomadische Zelle kann – je nach Anwendungsfall – auch über das Hausstromnetz versorgt werden«, so Emmelmann. Bereits im zweiten Quartal dieses Jahres startet ein Feldversuch auf dem Flugplatz Schönhagen in Brandenburg. Dabei wird das für Campusnetze reservierte 3,7 GHz-Spektrum genutzt. Geplant ist die Abdeckung etwa eines Quadratkilometers.</p>



<p>Bereits im Herbst 2019 konnte das Forscherteam rund um Marc Emmelmann mit Partnern in einem Feldversuch zeigen, dass es kurzfristig machbar ist, ein 5G-Netz vor Ort für den lokalen Einsatz aufzusetzen. Eine 180-Grad-Kamera nahm die Licht-Kunstwerke des Festivals of Lights in Berlin auf. Über das temporäre Netz konnten Testpersonen das Video dann auf ihrem Smartphone empfangen.</p>



<h3 class="wp-block-heading"><strong>Campusnetze als Innovationstreiber für neue Technologien</strong></h3>



<p>Im nächsten Schritt planen die Forscherinnen und Forscher, den Nomadic Node um Open-RAN (Radio Access Network)-Technologien zu erweitern. Im Lauf des Jahres wird er dann im Rahmen von CampusOS, einem Leitprojekt des Bundesministeriums für Wirtschaft und Klimaschutz, auch auf mobilen Baustellen eingesetzt. »Mit dem 5G+ Nomadic Node können wir Campusnetze installieren, die sich an temporäre Bedarfe anpassen lassen. Diese Flexibilität gelingt durch Netzvirtualisierung: Wie in einem Baukasten können neue Funkkomponenten und Softwarefunktionen frühzeitig eingebunden werden. Campusnetze sind damit Innovationstreiber für neue Technologien«, resümiert der Ingenieur.</p>


<div class="vlp-link-container vlp-layout-basic wp-block-visual-link-preview-link"><a href="https://ioplus.nl/archive/de/neues-messsystem-erkennt-waldbraende-bevor-aus-rauch-feuer-wird/" class="vlp-link" title="Neues Messsystem erkennt Waldbrände, bevor aus Rauch Feuer wird"></a><div class="vlp-layout-zone-side"><div class="vlp-block-2 vlp-link-image"></div></div><div class="vlp-layout-zone-main"><div class="vlp-block-0 vlp-link-title">Neues Messsystem erkennt Waldbrände, bevor aus Rauch Feuer wird</div><div class="vlp-block-1 vlp-link-summary">Jeden Sommer wird Südeuropa von Waldbränden heimgesucht, die hektarweise Wälder zerstören und eine Gefahr für die Pflanzen- und die Tierwelt darstellen.</div></div></div>

<a href="https://ioplus.nl/archive/de/tag/bundesministerium-fuer-verkehr-und-digitale-infrastruktur-de/" class="advgb-post-tax-term">Bundesministerium für Verkehr und Digitale Infrastruktur</a>

<a href="https://ioplus.nl/archive/de/tag/waldbraende-de/" class="advgb-post-tax-term">Waldbrände</a>

<span class="advgb-post-tax-term">Bundesministerium für Verkehr und Digitale Infrastruktur</span>

<span class="advgb-post-tax-term">Waldbrände</span>
