{"id":324470,"date":"2021-12-15T15:50:59","date_gmt":"2021-12-15T14:50:59","guid":{"rendered":"https:\/\/innovationorigins.com\/?post_type=selected&amp;p=324470"},"modified":"2021-12-15T15:50:59","modified_gmt":"2021-12-15T14:50:59","slug":"skalierbare-quantenprozessoren-in-sicht","status":"publish","type":"selected","link":"https:\/\/ioplus.nl\/archive\/de\/selected\/skalierbare-quantenprozessoren-in-sicht\/","title":{"rendered":"Skalierbare Quantenprozessoren in Sicht"},"content":{"rendered":"\n<p>\u201eJe mehr Speicherelemente und je mehr Rechenkerne, desto leistungsf\u00e4higer.\u201c Diese Klassifizierung ist aus der Leistungsbeschreibung von klassischen Computern wohlbekannt. Noch mehr trifft dies auf Quantencomputer und Quantensimulatoren zu. Denn erst bei einer ausreichend gro\u00dfen Zahl von Speicherzellen f\u00fcr die Quanteninformation \u2013 man spricht dabei in Anlehnung an Bits als die klassischen Informationseinheiten hier von Quantenbits oder Qubits \u2013 k\u00f6nnen diese neuartigen Rechenwerke ihr volles Potenzial aussch\u00f6pfen.<\/p>\n\n\n\n<p>Entsprechend wird weltweit intensiv daran geforscht, neuartige technologische Plattformen f\u00fcr Quantencomputer und Quantensimulatoren zu entwickeln, die es erm\u00f6glichen, die Zahl der Qubits mit einem vertretbaren Einsatz der daf\u00fcr erforderlichen zus\u00e4tzlichen Ressourcen zu erh\u00f6hen. Gefordert ist also eine m\u00f6glichst effiziente Skalierbarkeit der zugrundeliegenden Quantenprozessoren, so TU Darmstadt in einer <a href=\"https:\/\/www.tu-darmstadt.de\/universitaet\/aktuelles_meldungen\/einzelansicht_345344.en.jsp\">Pressemeldung<\/a>.<\/p>\n\n\n\n<h3 class=\"wp-block-heading\">Neue Impulse<\/h3>\n\n\n\n<p>In diesem weltweiten Wettstreit kann das Institut f\u00fcr Angewandte Physik der Technischen Universit\u00e4t Darmstadt nun neue Impulse setzen: Durch das vom Bundesministerium f\u00fcr Bildung und Forschung (BMBF) im Rahmen des F\u00f6rderprogramms \u201eQuantentechnologien\u201c mit insgesamt 3,3 Millionen Euro gef\u00f6rderten Projekts&nbsp;<a href=\"https:\/\/www.quantentechnologien.de\/forschung\/foerderung\/quantentechnologien-foerderung-von-forschungsarbeiten\/danaqtp.html\">\u201eDarmstadt-Neutralatom-QuantenTechnologie-Plattform (DaNaQTP)\u201c<\/a>&nbsp;kann die Arbeitsgruppe um&nbsp;<a href=\"https:\/\/www.physik.tu-darmstadt.de\/fbphysik\/professoren\/mitarbeiterdetails_de_en_professoren_4034.de.jsp\">Professor Gerhard Birkl<\/a>&nbsp;ihre im internationalen Vergleich besonders ambitionierte Architektur f\u00fcr Quantenprozessoren erheblich weiterentwickeln und das Potenzial f\u00fcr die Skalierbarkeit voll ausspielen. Der Ansatz beruht auf einer Kombination der modernsten Verfahren der optischen Technologie mit den fortschrittlichsten Methoden der Quantenoptik, die eine skalierbare Manipulation von Quantenzust\u00e4nden erm\u00f6glichen.<\/p>\n\n\n\n<h3 class=\"wp-block-heading\">Funktionsweise des Systems<\/h3>\n\n\n\n<p>Basierend auf lithografisch hergestellten Mikrolinsensystemen werden mit Laserlicht zweidimensionale Speicherarchitekturen f\u00fcr individuelle neutrale Atome erzeugt. Jedes einzelne Atom speichert ein Qubit, womit das physikalisch erreichbare Limit des Materialeinsatzes f\u00fcr ein Qubit erreicht wird. In DaNaQTP kann jedes Atom gezielt mit Quanteninformation beschrieben werden \u2013 und diese l\u00e4sst sich kontrolliert wieder auslesen. Die n\u00f6tige Steuerung eines Qubits durch ein weiteres Qubit \u2013 notwendig f\u00fcr die Verarbeitung der Quanteninformation im Quantenprozessor \u2013 wird durch die Wechselwirkung der Atome in hochliegenden Zust\u00e4nden, sogenannten Rydberg-Zust\u00e4nden, erreicht.<\/p>\n\n\n\n<h3 class=\"wp-block-heading\">Vielversprechende Skalierbarkeit<\/h3>\n\n\n\n<p>Die zentralen Ziele des Projekts bestehen zum einen darin, den in Darmstadt bereits demonstrierten Quantenspeicher zu einem funktionalen Quantenprozessor mit 100 interagierenden Qubits zu erweitern, und zum anderen darin, die Zahl der Speicherzellen f\u00fcr Qubits erheblich zu steigern. Dabei kommt das gro\u00dfe Innovationspotenzial des DaNaQTP-Ansatzes zum Tragen: Der n\u00e4chste Schritt mit einer Skalierung auf 1000 Qubits soll w\u00e4hrend der Projektlaufzeit erreicht werden.<\/p>\n\n\n\n<p>Die verwendete technologische Basis weist bereits jetzt den Weg zu Quantenprozessoren mit 100.000 voll kontrollierbaren Qubits. Diese Skalierbarkeit kann derzeit nur von wenigen anderen Plattformen so explizit vorhergesagt werden.<\/p>\n\n\n\n<p class=\"has-text-align-center\"><em><strong>Auch interessant: <\/strong><\/em><a href=\"https:\/\/innovationorigins.com\/de\/selected\/fraunhofer-und-qutech-bringen-das-quanteninternet-auf-den-weg\/\">Fraunhofer und QuTech bringen das Quanteninternet auf den Weg<\/a><\/p>\n","protected":false},"author":2084,"featured_media":324473,"template":"","meta":{"_acf_changed":false,"advgb_blocks_editor_width":"","advgb_blocks_columns_visual_guide":""},"categories":[36843],"tags":[130471,30208,27865,30088,41984],"location":[24328],"internal_archives":[],"class_list":["post-324470","selected","type-selected","status-publish","has-post-thumbnail","hentry","category-digital-de-de","tag-bundesministerium-fuer-bildung-und-forschung-de","tag-physik-de","tag-quantencomputer-de","tag-quantentechnologie-de","tag-tu-darmstadt-de","location-deutschland"],"blocksy_meta":[],"acf":[],"featured_img":"https:\/\/ioplus.nl\/archive\/wp-content\/uploads\/2022\/04\/kqQgEqcl-20210928_DaNaQTP_ag_birkl_Img160978_870x0-1.jpg","coauthors":[],"author_meta":{"author_link":"https:\/\/ioplus.nl\/archive\/author\/mauro-mereu\/","display_name":"Mauro Mereu"},"relative_dates":{"created":"Posted 4 years ago","modified":"Updated 4 years ago"},"absolute_dates":{"created":"Posted on December 15, 2021","modified":"Updated on December 15, 2021"},"absolute_dates_time":{"created":"Posted on December 15, 2021 3:50 pm","modified":"Updated on December 15, 2021 3:50 pm"},"featured_img_caption":"\u00a9 TU Darmstadt","tax_additional":{"category":{"linked":["<a href=\"https:\/\/ioplus.nl\/archive\/de\/category\/digital-de-de\/\" class=\"advgb-post-tax-term\">Digital<\/a>"],"unlinked":["<span class=\"advgb-post-tax-term\">Digital<\/span>"],"slug":"category","name":"Categories"},"post_tag":{"linked":["<a href=\"https:\/\/ioplus.nl\/archive\/de\/tag\/bundesministerium-fuer-bildung-und-forschung-de\/\" class=\"advgb-post-tax-term\">bundesministerium f\u00fcr bildung und forschung<\/a>","<a href=\"https:\/\/ioplus.nl\/archive\/de\/tag\/physik-de\/\" class=\"advgb-post-tax-term\">physik<\/a>","<a href=\"https:\/\/ioplus.nl\/archive\/de\/tag\/quantencomputer-de\/\" class=\"advgb-post-tax-term\">Quantencomputer<\/a>","<a href=\"https:\/\/ioplus.nl\/archive\/de\/tag\/quantentechnologie-de\/\" class=\"advgb-post-tax-term\">Quantentechnologie<\/a>","<a href=\"https:\/\/ioplus.nl\/archive\/de\/tag\/tu-darmstadt-de\/\" class=\"advgb-post-tax-term\">TU Darmstadt<\/a>"],"unlinked":["<span class=\"advgb-post-tax-term\">bundesministerium f\u00fcr bildung und forschung<\/span>","<span class=\"advgb-post-tax-term\">physik<\/span>","<span class=\"advgb-post-tax-term\">Quantencomputer<\/span>","<span class=\"advgb-post-tax-term\">Quantentechnologie<\/span>","<span class=\"advgb-post-tax-term\">TU Darmstadt<\/span>"],"slug":"post_tag","name":"Tags"},"language":{"linked":["<a href=\"https:\/\/ioplus.nl\/archive\/de\/\" class=\"advgb-post-tax-term\">DE<\/a>"],"unlinked":["<span class=\"advgb-post-tax-term\">DE<\/span>"],"slug":"language","name":"Tags"},"post_translations":{"linked":["<a href=\"https:\/\/ioplus.nl\/archive\/?taxonomy=post_translations&#038;term=pll_61b9ffa0e508b\" class=\"advgb-post-tax-term\">pll_61b9ffa0e508b<\/a>"],"unlinked":["<span class=\"advgb-post-tax-term\">pll_61b9ffa0e508b<\/span>"],"slug":"post_translations","name":""},"location":{"linked":["<a href=\"https:\/\/ioplus.nl\/archive\/location\/deutschland\/\" class=\"advgb-post-tax-term\">Deutschland<\/a>"],"unlinked":["<span class=\"advgb-post-tax-term\">Deutschland<\/span>"],"slug":"location","name":"Locations"},"internal_archives":{"linked":[],"unlinked":[],"slug":"internal_archives","name":"Internal Archives"}},"series_order":"","_links":{"self":[{"href":"https:\/\/ioplus.nl\/archive\/wp-json\/wp\/v2\/selected\/324470","targetHints":{"allow":["GET"]}}],"collection":[{"href":"https:\/\/ioplus.nl\/archive\/wp-json\/wp\/v2\/selected"}],"about":[{"href":"https:\/\/ioplus.nl\/archive\/wp-json\/wp\/v2\/types\/selected"}],"author":[{"embeddable":true,"href":"https:\/\/ioplus.nl\/archive\/wp-json\/wp\/v2\/users\/2084"}],"wp:featuredmedia":[{"embeddable":true,"href":"https:\/\/ioplus.nl\/archive\/wp-json\/wp\/v2\/media\/324473"}],"wp:attachment":[{"href":"https:\/\/ioplus.nl\/archive\/wp-json\/wp\/v2\/media?parent=324470"}],"wp:term":[{"taxonomy":"category","embeddable":true,"href":"https:\/\/ioplus.nl\/archive\/wp-json\/wp\/v2\/categories?post=324470"},{"taxonomy":"post_tag","embeddable":true,"href":"https:\/\/ioplus.nl\/archive\/wp-json\/wp\/v2\/tags?post=324470"},{"taxonomy":"location","embeddable":true,"href":"https:\/\/ioplus.nl\/archive\/wp-json\/wp\/v2\/location?post=324470"},{"taxonomy":"internal_archives","embeddable":true,"href":"https:\/\/ioplus.nl\/archive\/wp-json\/wp\/v2\/internal_archives?post=324470"}],"curies":[{"name":"wp","href":"https:\/\/api.w.org\/{rel}","templated":true}]}}

<p>„Je mehr Speicherelemente und je mehr Rechenkerne, desto leistungsfähiger.“ Diese Klassifizierung ist aus der Leistungsbeschreibung von klassischen Computern wohlbekannt. Noch mehr trifft dies auf Quantencomputer und Quantensimulatoren zu. Denn erst bei einer ausreichend großen Zahl von Speicherzellen für die Quanteninformation – man spricht dabei in Anlehnung an Bits als die klassischen Informationseinheiten hier von Quantenbits oder Qubits – können diese neuartigen Rechenwerke ihr volles Potenzial ausschöpfen.</p>



<p>Entsprechend wird weltweit intensiv daran geforscht, neuartige technologische Plattformen für Quantencomputer und Quantensimulatoren zu entwickeln, die es ermöglichen, die Zahl der Qubits mit einem vertretbaren Einsatz der dafür erforderlichen zusätzlichen Ressourcen zu erhöhen. Gefordert ist also eine möglichst effiziente Skalierbarkeit der zugrundeliegenden Quantenprozessoren, so TU Darmstadt in einer <a href="https://www.tu-darmstadt.de/universitaet/aktuelles_meldungen/einzelansicht_345344.en.jsp">Pressemeldung</a>.</p>



<h3 class="wp-block-heading">Neue Impulse</h3>



<p>In diesem weltweiten Wettstreit kann das Institut für Angewandte Physik der Technischen Universität Darmstadt nun neue Impulse setzen: Durch das vom Bundesministerium für Bildung und Forschung (BMBF) im Rahmen des Förderprogramms „Quantentechnologien“ mit insgesamt 3,3 Millionen Euro geförderten Projekts&nbsp;<a href="https://www.quantentechnologien.de/forschung/foerderung/quantentechnologien-foerderung-von-forschungsarbeiten/danaqtp.html">„Darmstadt-Neutralatom-QuantenTechnologie-Plattform (DaNaQTP)“</a>&nbsp;kann die Arbeitsgruppe um&nbsp;<a href="https://www.physik.tu-darmstadt.de/fbphysik/professoren/mitarbeiterdetails_de_en_professoren_4034.de.jsp">Professor Gerhard Birkl</a>&nbsp;ihre im internationalen Vergleich besonders ambitionierte Architektur für Quantenprozessoren erheblich weiterentwickeln und das Potenzial für die Skalierbarkeit voll ausspielen. Der Ansatz beruht auf einer Kombination der modernsten Verfahren der optischen Technologie mit den fortschrittlichsten Methoden der Quantenoptik, die eine skalierbare Manipulation von Quantenzuständen ermöglichen.</p>



<h3 class="wp-block-heading">Funktionsweise des Systems</h3>



<p>Basierend auf lithografisch hergestellten Mikrolinsensystemen werden mit Laserlicht zweidimensionale Speicherarchitekturen für individuelle neutrale Atome erzeugt. Jedes einzelne Atom speichert ein Qubit, womit das physikalisch erreichbare Limit des Materialeinsatzes für ein Qubit erreicht wird. In DaNaQTP kann jedes Atom gezielt mit Quanteninformation beschrieben werden – und diese lässt sich kontrolliert wieder auslesen. Die nötige Steuerung eines Qubits durch ein weiteres Qubit – notwendig für die Verarbeitung der Quanteninformation im Quantenprozessor – wird durch die Wechselwirkung der Atome in hochliegenden Zuständen, sogenannten Rydberg-Zuständen, erreicht.</p>



<h3 class="wp-block-heading">Vielversprechende Skalierbarkeit</h3>



<p>Die zentralen Ziele des Projekts bestehen zum einen darin, den in Darmstadt bereits demonstrierten Quantenspeicher zu einem funktionalen Quantenprozessor mit 100 interagierenden Qubits zu erweitern, und zum anderen darin, die Zahl der Speicherzellen für Qubits erheblich zu steigern. Dabei kommt das große Innovationspotenzial des DaNaQTP-Ansatzes zum Tragen: Der nächste Schritt mit einer Skalierung auf 1000 Qubits soll während der Projektlaufzeit erreicht werden.</p>



<p>Die verwendete technologische Basis weist bereits jetzt den Weg zu Quantenprozessoren mit 100.000 voll kontrollierbaren Qubits. Diese Skalierbarkeit kann derzeit nur von wenigen anderen Plattformen so explizit vorhergesagt werden.</p>



<p class="has-text-align-center"><em><strong>Auch interessant: </strong></em><a href="https://innovationorigins.com/de/selected/fraunhofer-und-qutech-bringen-das-quanteninternet-auf-den-weg/">Fraunhofer und QuTech bringen das Quanteninternet auf den Weg</a></p>

<a href="https://ioplus.nl/archive/de/tag/bundesministerium-fuer-bildung-und-forschung-de/" class="advgb-post-tax-term">bundesministerium für bildung und forschung</a>

<span class="advgb-post-tax-term">bundesministerium für bildung und forschung</span>
