{"id":324422,"date":"2021-12-15T12:43:39","date_gmt":"2021-12-15T11:43:39","guid":{"rendered":"https:\/\/innovationorigins.com\/?post_type=selected&amp;p=324422"},"modified":"2021-12-15T12:43:39","modified_gmt":"2021-12-15T11:43:39","slug":"waldzustand-in-echtzeit-am-monitor-beobachtbar","status":"publish","type":"selected","link":"https:\/\/ioplus.nl\/archive\/de\/selected\/waldzustand-in-echtzeit-am-monitor-beobachtbar\/","title":{"rendered":"Waldzustand in Echtzeit am Monitor beobachtbar"},"content":{"rendered":"\n<p>Auf Basis von Satellitenbildern stellt eine interaktive Internetplattform den Zustand aller W\u00e4lder in Europa dar. Daf\u00fcr orientiert sie sich an der Gr\u00fcnheit der B\u00e4ume. Seit kurzer Zeit k\u00f6nnen Nutzerinnen und Nutzer sich jetzt auch gezielt einzelne L\u00e4nder und Zeitr\u00e4ume darstellen lassen, um mehr \u00fcber den Zustand des Waldes zu erfahren. Das Daten- und Visualisierungstool wurde von Wissenschaftlerinnen und Wissenschaftlern der Technischen Universit\u00e4t M\u00fcnchen (TUM) entwickelt.<\/p>\n\n\n\n<p>Das h\u00e4ufigere Auftreten extremer Klimabedingungen im Zuge des Klimawandels stellt eine Bedrohung f\u00fcr die W\u00e4lder weltweit dar. D\u00fcrreperioden, Sp\u00e4tfrost, \u00fcbers\u00e4ttigte B\u00f6den nach \u00dcberschwemmungen, Starkniederschl\u00e4ge und Winterst\u00fcrme sind oft die Ursachen f\u00fcr das Baumsterben. Da extreme Umweltbedingungen die Abwehrmechanismen der B\u00e4ume beeintr\u00e4chtigen, k\u00f6nnen au\u00dferdem Krankheitserreger wie Pilze und K\u00e4fer h\u00e4ufig den R\u00fcckgang und das Absterben von B\u00e4umen verst\u00e4rken so die TUM in einer <a href=\"https:\/\/www.tum.de\/die-tum\/aktuelles\/pressemitteilungen\/details\/37070\">Pressemeldung<\/a>.<\/p>\n\n\n\n<h3 class=\"wp-block-heading\">Manche Ursachen f\u00fcr die Baumsterblichkeit zeigen sich schon am lebenden Baum<\/h3>\n\n\n\n<p>\u201eBodeneigenschaften, die Bestandsstruktur und das Mikroklima beeinflussen die Gesundheit von B\u00e4umen. Doch auch \u00f6kophysiologische Prozesse wie der Saftfluss oder die Regulierung des Blatt-Wasserpotenzials bestimmen ihr Schicksal\u201c, sagt&nbsp;<a href=\"https:\/\/www.professoren.tum.de\/rammig-anja\" target=\"_blank\" rel=\"noreferrer noopener\">Anja Rammig<\/a>,&nbsp;<a href=\"https:\/\/www.lsai.wzw.tum.de\/startseite\/\" target=\"_blank\" rel=\"noreferrer noopener\">Professorin f\u00fcr Land Surface-Atmosphere Interactions<\/a>&nbsp;an der TUM.&nbsp;<\/p>\n\n\n\n<p>Doch einige wichtige \u00f6kophysiologische Prozesse k\u00f6nnen bei abgestorbenen B\u00e4umen nicht im Nachhinein untersucht werden. Gleichzeitig ist es schwierig, vorherzusagen, wo, wann und welche B\u00e4ume absterben werden, um vor dem Absterben \u00dcberwachungsger\u00e4te zu installieren.<\/p>\n\n\n\n<h3 class=\"wp-block-heading\">Fernerkundung des Waldsterbens<\/h3>\n\n\n\n<p>Der&nbsp;<a href=\"http:\/\/waldzustandsmonitor.de\/\" target=\"_blank\" rel=\"noreferrer noopener\">Waldzustandsmonitor<\/a>&nbsp;(WZM), ein auf Fernerkundung basierendes, frei verf\u00fcgbares Web-Informationstool stellt den Gr\u00fcnzustand der europ\u00e4ischen W\u00e4lder w\u00e4hrend der Vegetationsperiode dar, indem er Abweichungen von der Norm farblich kennzeichnet. Er wurde gerade \u00fcberarbeitet und erm\u00f6glicht es jetzt Nutzerinnen und Nutzern, sich&nbsp;<a href=\"http:\/\/interaktiv.waldzustandsmonitor.de\/\" target=\"_blank\" rel=\"noreferrer noopener\">interaktiv&nbsp;<\/a>die Daten f\u00fcr einzelne L\u00e4nder in einem bestimmten Zeitraum anzeigen zu lassen sowie zugrunde liegende Daten herunterzuladen. Die Darstellungsform erm\u00f6glicht es nun noch besser, Hotspots des Waldsterbens und des Waldr\u00fcckgangs in ganz Europa zu identifizieren.&nbsp;<\/p>\n\n\n\n<p>Werden die Bereiche, wo der Wald unter Stress steht, fr\u00fchzeitig erkannt, k\u00f6nnen Wissenschaftlerinnen und Wissenschaftler k\u00fcnftig diese Regionen zeitnah unter Stressbedingungen untersuchen und Waldbesitzerinnen und Waldbesitzer fr\u00fchzeitig auf m\u00f6gliche Risiken hingewiesen werden.<\/p>\n\n\n\n<h3 class=\"wp-block-heading\">Fr\u00fchwarnsystem f\u00fcr erkrankte W\u00e4lder<\/h3>\n\n\n\n<p>Im Jahr 2021 war der Zustand des Waldes laut WZM vergleichsweise gut. \u201eInteressant ist, dass die W\u00e4lder sich im Regensommer 2021 in Deutschland teilweise von den Hitzesommern in den Jahren 2018 bis 2020 erholt haben. Dies betrifft selbstverst\u00e4ndlich nur die \u00fcberlebenden B\u00e4ume. Die in den vergangenen drei Jahren entstandenen Sch\u00e4den bleiben bestehen\u201c, sagt Wissenschaftler Allan Buras, der den Waldzustandsmonitor koordiniert.&nbsp;<\/p>\n\n\n\n<p>Der WZM zeigt, dass die W\u00e4lder auch nach einer extremen D\u00fcrre regenerationsf\u00e4hig sind. \u201eAuch das sind wichtige Hinweise f\u00fcr die Interpretation von mittelfristigen Auswirkungen von D\u00fcrren auf die W\u00e4lder. Allerdings sieht man auch deutlich, dass die Kiefernw\u00e4lder Brandenburgs und vor allem die Fichtenw\u00e4lder des Harz aber auch des Th\u00fcringer Waldes nicht vom Regensommer profitiert haben. Sie sind im Waldzustandsmonitor weiterhin rot dargestellt, das hei\u00dft, dort waren die Sch\u00e4den von 2018 bis 2020 so extrem, dass sie selbst jetzt noch zu sehen sind. Deshalb kann man hier von langfristig gr\u00f6\u00dferen Sch\u00e4den ausgehen\u201c, so Buras.&nbsp;<\/p>\n\n\n\n<p>\u201eDie Informationen aus dem Waldzustandsmonitor, erg\u00e4nzt um zus\u00e4tzliche bodengest\u00fctzte Untersuchungen und \u00dcberwachungskampagnen, k\u00f6nnen dazu beitragen, die Ursachen f\u00fcr das abweichende Gr\u00fcn der Baumkronen zu kl\u00e4ren, und damit m\u00f6glicherweise unser Verst\u00e4ndnis der \u00d6kophysiologie von B\u00e4umen unter Stress in einer nat\u00fcrlichen Umgebung zu verbessern\u201c, sagt Prof. Rammig.&nbsp;<\/p>\n\n\n\n<p class=\"has-text-align-center\"><em><strong>Auch interessant: <\/strong><\/em><a href=\"https:\/\/innovationorigins.com\/de\/walder-schutzen-und-bewirtschaften-mithilfe-von-kunstlicher-intelligenz\/\">W\u00e4lder sch\u00fctzen und bewirtschaften mithilfe von K\u00fcnstlicher Intelligenz<\/a><\/p>\n","protected":false},"author":2084,"featured_media":324424,"template":"","meta":{"_acf_changed":false,"advgb_blocks_editor_width":"","advgb_blocks_columns_visual_guide":""},"categories":[25213],"tags":[33993,40021,125578,25364,99928],"location":[24328],"internal_archives":[],"class_list":["post-324422","selected","type-selected","status-publish","has-post-thumbnail","hentry","category-nachhaltigkeit-de","tag-klima-de","tag-natur-de","tag-technischen-universitaet-muenchen-de","tag-tum-de-de","tag-waelder-de","location-deutschland"],"blocksy_meta":[],"acf":[],"featured_img":"https:\/\/ioplus.nl\/archive\/wp-content\/uploads\/2022\/04\/UFKvwhnT-mountain-g74c200cea_1920-1.jpg","coauthors":[],"author_meta":{"author_link":"https:\/\/ioplus.nl\/archive\/author\/mauro-mereu\/","display_name":"Mauro Mereu"},"relative_dates":{"created":"Posted 4 years ago","modified":"Updated 4 years ago"},"absolute_dates":{"created":"Posted on December 15, 2021","modified":"Updated on December 15, 2021"},"absolute_dates_time":{"created":"Posted on December 15, 2021 12:43 pm","modified":"Updated on December 15, 2021 12:43 pm"},"featured_img_caption":"\u00a9 Pixabay","tax_additional":{"category":{"linked":["<a href=\"https:\/\/ioplus.nl\/archive\/de\/category\/nachhaltigkeit-de\/\" class=\"advgb-post-tax-term\">Nachhaltigkeit<\/a>"],"unlinked":["<span class=\"advgb-post-tax-term\">Nachhaltigkeit<\/span>"],"slug":"category","name":"Categories"},"post_tag":{"linked":["<a href=\"https:\/\/ioplus.nl\/archive\/de\/tag\/klima-de\/\" class=\"advgb-post-tax-term\">klima<\/a>","<a href=\"https:\/\/ioplus.nl\/archive\/de\/tag\/natur-de\/\" class=\"advgb-post-tax-term\">Natur<\/a>","<a href=\"https:\/\/ioplus.nl\/archive\/de\/tag\/technischen-universitaet-muenchen-de\/\" class=\"advgb-post-tax-term\">Technischen Universit\u00e4t M\u00fcnchen<\/a>","<a href=\"https:\/\/ioplus.nl\/archive\/de\/tag\/tum-de-de\/\" class=\"advgb-post-tax-term\">TUM<\/a>","<a href=\"https:\/\/ioplus.nl\/archive\/de\/tag\/waelder-de\/\" class=\"advgb-post-tax-term\">W\u00e4lder<\/a>"],"unlinked":["<span class=\"advgb-post-tax-term\">klima<\/span>","<span class=\"advgb-post-tax-term\">Natur<\/span>","<span class=\"advgb-post-tax-term\">Technischen Universit\u00e4t M\u00fcnchen<\/span>","<span class=\"advgb-post-tax-term\">TUM<\/span>","<span class=\"advgb-post-tax-term\">W\u00e4lder<\/span>"],"slug":"post_tag","name":"Tags"},"language":{"linked":["<a href=\"https:\/\/ioplus.nl\/archive\/de\/\" class=\"advgb-post-tax-term\">DE<\/a>"],"unlinked":["<span class=\"advgb-post-tax-term\">DE<\/span>"],"slug":"language","name":"Tags"},"post_translations":{"linked":["<a href=\"https:\/\/ioplus.nl\/archive\/?taxonomy=post_translations&#038;term=pll_61b9ce0e1a6c1\" class=\"advgb-post-tax-term\">pll_61b9ce0e1a6c1<\/a>"],"unlinked":["<span class=\"advgb-post-tax-term\">pll_61b9ce0e1a6c1<\/span>"],"slug":"post_translations","name":""},"location":{"linked":["<a href=\"https:\/\/ioplus.nl\/archive\/location\/deutschland\/\" class=\"advgb-post-tax-term\">Deutschland<\/a>"],"unlinked":["<span class=\"advgb-post-tax-term\">Deutschland<\/span>"],"slug":"location","name":"Locations"},"internal_archives":{"linked":[],"unlinked":[],"slug":"internal_archives","name":"Internal Archives"}},"series_order":"","_links":{"self":[{"href":"https:\/\/ioplus.nl\/archive\/wp-json\/wp\/v2\/selected\/324422","targetHints":{"allow":["GET"]}}],"collection":[{"href":"https:\/\/ioplus.nl\/archive\/wp-json\/wp\/v2\/selected"}],"about":[{"href":"https:\/\/ioplus.nl\/archive\/wp-json\/wp\/v2\/types\/selected"}],"author":[{"embeddable":true,"href":"https:\/\/ioplus.nl\/archive\/wp-json\/wp\/v2\/users\/2084"}],"wp:featuredmedia":[{"embeddable":true,"href":"https:\/\/ioplus.nl\/archive\/wp-json\/wp\/v2\/media\/324424"}],"wp:attachment":[{"href":"https:\/\/ioplus.nl\/archive\/wp-json\/wp\/v2\/media?parent=324422"}],"wp:term":[{"taxonomy":"category","embeddable":true,"href":"https:\/\/ioplus.nl\/archive\/wp-json\/wp\/v2\/categories?post=324422"},{"taxonomy":"post_tag","embeddable":true,"href":"https:\/\/ioplus.nl\/archive\/wp-json\/wp\/v2\/tags?post=324422"},{"taxonomy":"location","embeddable":true,"href":"https:\/\/ioplus.nl\/archive\/wp-json\/wp\/v2\/location?post=324422"},{"taxonomy":"internal_archives","embeddable":true,"href":"https:\/\/ioplus.nl\/archive\/wp-json\/wp\/v2\/internal_archives?post=324422"}],"curies":[{"name":"wp","href":"https:\/\/api.w.org\/{rel}","templated":true}]}}

<p>Auf Basis von Satellitenbildern stellt eine interaktive Internetplattform den Zustand aller Wälder in Europa dar. Dafür orientiert sie sich an der Grünheit der Bäume. Seit kurzer Zeit können Nutzerinnen und Nutzer sich jetzt auch gezielt einzelne Länder und Zeiträume darstellen lassen, um mehr über den Zustand des Waldes zu erfahren. Das Daten- und Visualisierungstool wurde von Wissenschaftlerinnen und Wissenschaftlern der Technischen Universität München (TUM) entwickelt.</p>



<p>Das häufigere Auftreten extremer Klimabedingungen im Zuge des Klimawandels stellt eine Bedrohung für die Wälder weltweit dar. Dürreperioden, Spätfrost, übersättigte Böden nach Überschwemmungen, Starkniederschläge und Winterstürme sind oft die Ursachen für das Baumsterben. Da extreme Umweltbedingungen die Abwehrmechanismen der Bäume beeinträchtigen, können außerdem Krankheitserreger wie Pilze und Käfer häufig den Rückgang und das Absterben von Bäumen verstärken so die TUM in einer <a href="https://www.tum.de/die-tum/aktuelles/pressemitteilungen/details/37070">Pressemeldung</a>.</p>



<h3 class="wp-block-heading">Manche Ursachen für die Baumsterblichkeit zeigen sich schon am lebenden Baum</h3>



<p>„Bodeneigenschaften, die Bestandsstruktur und das Mikroklima beeinflussen die Gesundheit von Bäumen. Doch auch ökophysiologische Prozesse wie der Saftfluss oder die Regulierung des Blatt-Wasserpotenzials bestimmen ihr Schicksal“, sagt&nbsp;<a href="https://www.professoren.tum.de/rammig-anja" target="_blank" rel="noreferrer noopener">Anja Rammig</a>,&nbsp;<a href="https://www.lsai.wzw.tum.de/startseite/" target="_blank" rel="noreferrer noopener">Professorin für Land Surface-Atmosphere Interactions</a>&nbsp;an der TUM.&nbsp;</p>



<p>Doch einige wichtige ökophysiologische Prozesse können bei abgestorbenen Bäumen nicht im Nachhinein untersucht werden. Gleichzeitig ist es schwierig, vorherzusagen, wo, wann und welche Bäume absterben werden, um vor dem Absterben Überwachungsgeräte zu installieren.</p>



<h3 class="wp-block-heading">Fernerkundung des Waldsterbens</h3>



<p>Der&nbsp;<a href="http://waldzustandsmonitor.de/" target="_blank" rel="noreferrer noopener">Waldzustandsmonitor</a>&nbsp;(WZM), ein auf Fernerkundung basierendes, frei verfügbares Web-Informationstool stellt den Grünzustand der europäischen Wälder während der Vegetationsperiode dar, indem er Abweichungen von der Norm farblich kennzeichnet. Er wurde gerade überarbeitet und ermöglicht es jetzt Nutzerinnen und Nutzern, sich&nbsp;<a href="http://interaktiv.waldzustandsmonitor.de/" target="_blank" rel="noreferrer noopener">interaktiv&nbsp;</a>die Daten für einzelne Länder in einem bestimmten Zeitraum anzeigen zu lassen sowie zugrunde liegende Daten herunterzuladen. Die Darstellungsform ermöglicht es nun noch besser, Hotspots des Waldsterbens und des Waldrückgangs in ganz Europa zu identifizieren.&nbsp;</p>



<p>Werden die Bereiche, wo der Wald unter Stress steht, frühzeitig erkannt, können Wissenschaftlerinnen und Wissenschaftler künftig diese Regionen zeitnah unter Stressbedingungen untersuchen und Waldbesitzerinnen und Waldbesitzer frühzeitig auf mögliche Risiken hingewiesen werden.</p>



<h3 class="wp-block-heading">Frühwarnsystem für erkrankte Wälder</h3>



<p>Im Jahr 2021 war der Zustand des Waldes laut WZM vergleichsweise gut. „Interessant ist, dass die Wälder sich im Regensommer 2021 in Deutschland teilweise von den Hitzesommern in den Jahren 2018 bis 2020 erholt haben. Dies betrifft selbstverständlich nur die überlebenden Bäume. Die in den vergangenen drei Jahren entstandenen Schäden bleiben bestehen“, sagt Wissenschaftler Allan Buras, der den Waldzustandsmonitor koordiniert.&nbsp;</p>



<p>Der WZM zeigt, dass die Wälder auch nach einer extremen Dürre regenerationsfähig sind. „Auch das sind wichtige Hinweise für die Interpretation von mittelfristigen Auswirkungen von Dürren auf die Wälder. Allerdings sieht man auch deutlich, dass die Kiefernwälder Brandenburgs und vor allem die Fichtenwälder des Harz aber auch des Thüringer Waldes nicht vom Regensommer profitiert haben. Sie sind im Waldzustandsmonitor weiterhin rot dargestellt, das heißt, dort waren die Schäden von 2018 bis 2020 so extrem, dass sie selbst jetzt noch zu sehen sind. Deshalb kann man hier von langfristig größeren Schäden ausgehen“, so Buras.&nbsp;</p>



<p>„Die Informationen aus dem Waldzustandsmonitor, ergänzt um zusätzliche bodengestützte Untersuchungen und Überwachungskampagnen, können dazu beitragen, die Ursachen für das abweichende Grün der Baumkronen zu klären, und damit möglicherweise unser Verständnis der Ökophysiologie von Bäumen unter Stress in einer natürlichen Umgebung zu verbessern“, sagt Prof. Rammig.&nbsp;</p>



<p class="has-text-align-center"><em><strong>Auch interessant: </strong></em><a href="https://innovationorigins.com/de/walder-schutzen-und-bewirtschaften-mithilfe-von-kunstlicher-intelligenz/">Wälder schützen und bewirtschaften mithilfe von Künstlicher Intelligenz</a></p>

<a href="https://ioplus.nl/archive/de/tag/technischen-universitaet-muenchen-de/" class="advgb-post-tax-term">Technischen Universität München</a>

<a href="https://ioplus.nl/archive/de/tag/waelder-de/" class="advgb-post-tax-term">Wälder</a>

<span class="advgb-post-tax-term">Technischen Universität München</span>

<span class="advgb-post-tax-term">Wälder</span>
