{"id":317969,"date":"2021-11-12T12:45:00","date_gmt":"2021-11-12T11:45:00","guid":{"rendered":"https:\/\/innovationorigins.com\/?post_type=selected&amp;p=317969"},"modified":"2021-11-12T12:45:00","modified_gmt":"2021-11-12T11:45:00","slug":"auf-ladestation-folgt-auto","status":"publish","type":"selected","link":"https:\/\/ioplus.nl\/archive\/de\/selected\/auf-ladestation-folgt-auto\/","title":{"rendered":"Aufladestation folgt Auto"},"content":{"rendered":"\n<p>Studie untersucht Einfluss von \u00f6ffentlicher Ladeinfrastruktur in Norwegen<br><br>Eine gute \u00f6ffentliche Infrastruktur zum Laden von Elektrofahrzeugen kann ein Anreiz f\u00fcr Menschen sein, elektrisch betriebene Autos anzuschaffen, so Technische Universit\u00e4t Darmstadt in einer <a href=\"https:\/\/www.tu-darmstadt.de\/universitaet\/aktuelles_meldungen\/einzelansicht_340672.de.jsp\">Pressemeldung<\/a>. Das ergab eine Studie von Felix Schulz und Dr. Johannes Rode, Fachgebiet Internationale Wirtschaft am Fachbereich Rechts- und Wirtschaftswissenschaften der TU, die im Journal \u201eEnergy Policy\u201c ver\u00f6ffentlicht wurde.<\/p>\n\n\n\n<p>Schulz und Rode untersuchten das Beispiel Norwegen. Das skandinavische Land hat den h\u00f6chsten Anteil an Elektrofahrzeugen weltweit. Die Autoren vergleichen den Anteil von Elektrofahrzeugen in Regionen mit und ohne \u00f6ffentliche Ladeinfrastruktur. Die Analyse zeigt, dass ein erster \u00f6ffentlicher Ladepunkt den Anteil der Elektrofahrzeuge in einer Region im Durchschnitt um 200 Prozent innerhalb von f\u00fcnf Jahren erh\u00f6ht. \u00d6ffentliche Ladeinfrastruktur dient also als Anreiz f\u00fcr die Verbreitung von Elektrofahrzeugen.<\/p>\n\n\n\n<p>Die Studie nutzt Informationen \u00fcber den Standort \u00f6ffentlicher Ladeinfrastruktur und den Anteil von Elektrofahrzeugen in 356 norwegischen Kommunen zwischen 2009 und 2019. Dabei konzentriert sie sich auf Gemeinden, in denen w\u00e4hrend dieses Zeitraums erstmals M\u00f6glichkeiten zum \u00f6ffentlichen Laden von Elektrofahrzeugen geschaffen wurden. Es zeigte sich: In diesen meist l\u00e4ndlichen Gebieten hat die Einrichtung einer ersten \u00f6ffentlichen Ladestation die Verbreitung von Elektrofahrzeugen verst\u00e4rkt. Die Ergebnisse seien unter Anderem robust gegen\u00fcber Antizipationseffekten, so die Autoren.<\/p>\n\n\n\n<p>Obwohl die Ergebnisse der Studie robust sind, m\u00fcsse man vorsichtig dabei sein, sie auf andere L\u00e4nder zu \u00fcbertragen, so Schulz und Rode. Norwegen verf\u00fcge \u00fcber optimale Voraussetzungen f\u00fcr die Verbreitung von Elektrofahrzeugen: Die Bev\u00f6lkerung des Landes sei wohlhabend, und starke Subventionen h\u00e4tten die Menschen bei der Anschaffung in den letzten Jahrzehnten unterst\u00fctzt. Au\u00dferdem sei die Stromerzeugung in Norwegen durch einen hohen Wasserkraftanteil g\u00fcnstig und umweltfreundlich. Andererseits geh\u00f6re Norwegen zu den L\u00e4ndern, in denen es weltweit die meisten privaten Ladestationen gebe. So sei der positive Effekt des Ausbaus \u00f6ffentlicher Ladestationen in L\u00e4ndern, in denen weniger Menschen die M\u00f6glichkeit h\u00e4tten, ihr Fahrzeug zu Hause aufzuladen, wahrscheinlich noch st\u00e4rker.<\/p>\n\n\n\n<p>Auch wenn eine statistische Untersuchung Deutschlands nicht Teil der Studie war, k\u00f6nnten auch hierzulande \u00e4hnliche Effekte wirken wie in Norwegen: \u201eZum einen wurden auch in Deutschland Anreize geschaffen, um Elektroautos preislich konkurrenzf\u00e4higer zu machen\u201c, so Felix Schulz. \u201eZum anderen gilt wahrscheinlich auch hier, dass Reichweite und der mangelnde Ausbau von Ladeinfrastruktur f\u00fcr Hemmungen bei potentiellen K\u00e4ufern sorgen. Deshalb liegt die Vermutung nahe, dass der Ausbau \u00f6ffentlicher Ladeinfrastruktur auch in Deutschland f\u00f6rderlich f\u00fcr die Verbreitung von Elektroautos w\u00e4re.\u201c<br><br><em><strong>Auch interessant: <\/strong><\/em><a href=\"https:\/\/innovationorigins.com\/de\/selected\/tum-siegt-bei-der-indy-autonomous-challenge\/\">TUM siegt bei der Indy Autonomous Challenge<\/a><\/p>\n","protected":false},"author":2084,"featured_media":317975,"template":"","meta":{"_acf_changed":false,"advgb_blocks_editor_width":"","advgb_blocks_columns_visual_guide":""},"categories":[26030],"tags":[93637,48934,25480,46302,25288,41984],"location":[24328],"internal_archives":[],"class_list":["post-317969","selected","type-selected","status-publish","has-post-thumbnail","hentry","category-mobilitaet-de","tag-auto-de-de","tag-elektrofahrzeuge-de","tag-elektromobilitaet-de","tag-ladestationen-de","tag-mobilitaet-de","tag-tu-darmstadt-de","location-deutschland"],"blocksy_meta":[],"acf":[],"featured_img":"https:\/\/ioplus.nl\/archive\/wp-content\/uploads\/2022\/04\/xwO3l4Yf-car-gf0b432b5c_1920-1.jpg","coauthors":[],"author_meta":{"author_link":"https:\/\/ioplus.nl\/archive\/author\/mauro-mereu\/","display_name":"Mauro Mereu"},"relative_dates":{"created":"Posted 4 years ago","modified":"Updated 4 years ago"},"absolute_dates":{"created":"Posted on November 12, 2021","modified":"Updated on November 12, 2021"},"absolute_dates_time":{"created":"Posted on November 12, 2021 12:45 pm","modified":"Updated on November 12, 2021 12:45 pm"},"featured_img_caption":"\u00a9 Pixabay\n","tax_additional":{"category":{"linked":["<a href=\"https:\/\/ioplus.nl\/archive\/de\/category\/mobilitaet-de\/\" class=\"advgb-post-tax-term\">Mobilit\u00e4t<\/a>"],"unlinked":["<span class=\"advgb-post-tax-term\">Mobilit\u00e4t<\/span>"],"slug":"category","name":"Categories"},"post_tag":{"linked":["<a href=\"https:\/\/ioplus.nl\/archive\/de\/tag\/auto-de-de\/\" class=\"advgb-post-tax-term\">auto<\/a>","<a href=\"https:\/\/ioplus.nl\/archive\/de\/tag\/elektrofahrzeuge-de\/\" class=\"advgb-post-tax-term\">Elektrofahrzeuge<\/a>","<a href=\"https:\/\/ioplus.nl\/archive\/de\/tag\/elektromobilitaet-de\/\" class=\"advgb-post-tax-term\">elektromobilit\u00e4t<\/a>","<a href=\"https:\/\/ioplus.nl\/archive\/de\/tag\/ladestationen-de\/\" class=\"advgb-post-tax-term\">Ladestationen<\/a>","<a href=\"https:\/\/ioplus.nl\/archive\/de\/tag\/mobilitaet-de\/\" class=\"advgb-post-tax-term\">mobilit\u00e4t<\/a>","<a href=\"https:\/\/ioplus.nl\/archive\/de\/tag\/tu-darmstadt-de\/\" class=\"advgb-post-tax-term\">TU Darmstadt<\/a>"],"unlinked":["<span class=\"advgb-post-tax-term\">auto<\/span>","<span class=\"advgb-post-tax-term\">Elektrofahrzeuge<\/span>","<span class=\"advgb-post-tax-term\">elektromobilit\u00e4t<\/span>","<span class=\"advgb-post-tax-term\">Ladestationen<\/span>","<span class=\"advgb-post-tax-term\">mobilit\u00e4t<\/span>","<span class=\"advgb-post-tax-term\">TU Darmstadt<\/span>"],"slug":"post_tag","name":"Tags"},"language":{"linked":["<a href=\"https:\/\/ioplus.nl\/archive\/de\/\" class=\"advgb-post-tax-term\">DE<\/a>"],"unlinked":["<span class=\"advgb-post-tax-term\">DE<\/span>"],"slug":"language","name":"Tags"},"post_translations":{"linked":[],"unlinked":[],"slug":"post_translations","name":""},"location":{"linked":["<a href=\"https:\/\/ioplus.nl\/archive\/location\/deutschland\/\" class=\"advgb-post-tax-term\">Deutschland<\/a>"],"unlinked":["<span class=\"advgb-post-tax-term\">Deutschland<\/span>"],"slug":"location","name":"Locations"},"internal_archives":{"linked":[],"unlinked":[],"slug":"internal_archives","name":"Internal Archives"}},"series_order":"","_links":{"self":[{"href":"https:\/\/ioplus.nl\/archive\/wp-json\/wp\/v2\/selected\/317969","targetHints":{"allow":["GET"]}}],"collection":[{"href":"https:\/\/ioplus.nl\/archive\/wp-json\/wp\/v2\/selected"}],"about":[{"href":"https:\/\/ioplus.nl\/archive\/wp-json\/wp\/v2\/types\/selected"}],"author":[{"embeddable":true,"href":"https:\/\/ioplus.nl\/archive\/wp-json\/wp\/v2\/users\/2084"}],"wp:featuredmedia":[{"embeddable":true,"href":"https:\/\/ioplus.nl\/archive\/wp-json\/wp\/v2\/media\/317975"}],"wp:attachment":[{"href":"https:\/\/ioplus.nl\/archive\/wp-json\/wp\/v2\/media?parent=317969"}],"wp:term":[{"taxonomy":"category","embeddable":true,"href":"https:\/\/ioplus.nl\/archive\/wp-json\/wp\/v2\/categories?post=317969"},{"taxonomy":"post_tag","embeddable":true,"href":"https:\/\/ioplus.nl\/archive\/wp-json\/wp\/v2\/tags?post=317969"},{"taxonomy":"location","embeddable":true,"href":"https:\/\/ioplus.nl\/archive\/wp-json\/wp\/v2\/location?post=317969"},{"taxonomy":"internal_archives","embeddable":true,"href":"https:\/\/ioplus.nl\/archive\/wp-json\/wp\/v2\/internal_archives?post=317969"}],"curies":[{"name":"wp","href":"https:\/\/api.w.org\/{rel}","templated":true}]}}

<p>Studie untersucht Einfluss von öffentlicher Ladeinfrastruktur in Norwegen<br><br>Eine gute öffentliche Infrastruktur zum Laden von Elektrofahrzeugen kann ein Anreiz für Menschen sein, elektrisch betriebene Autos anzuschaffen, so Technische Universität Darmstadt in einer <a href="https://www.tu-darmstadt.de/universitaet/aktuelles_meldungen/einzelansicht_340672.de.jsp">Pressemeldung</a>. Das ergab eine Studie von Felix Schulz und Dr. Johannes Rode, Fachgebiet Internationale Wirtschaft am Fachbereich Rechts- und Wirtschaftswissenschaften der TU, die im Journal „Energy Policy“ veröffentlicht wurde.</p>



<p>Schulz und Rode untersuchten das Beispiel Norwegen. Das skandinavische Land hat den höchsten Anteil an Elektrofahrzeugen weltweit. Die Autoren vergleichen den Anteil von Elektrofahrzeugen in Regionen mit und ohne öffentliche Ladeinfrastruktur. Die Analyse zeigt, dass ein erster öffentlicher Ladepunkt den Anteil der Elektrofahrzeuge in einer Region im Durchschnitt um 200 Prozent innerhalb von fünf Jahren erhöht. Öffentliche Ladeinfrastruktur dient also als Anreiz für die Verbreitung von Elektrofahrzeugen.</p>



<p>Die Studie nutzt Informationen über den Standort öffentlicher Ladeinfrastruktur und den Anteil von Elektrofahrzeugen in 356 norwegischen Kommunen zwischen 2009 und 2019. Dabei konzentriert sie sich auf Gemeinden, in denen während dieses Zeitraums erstmals Möglichkeiten zum öffentlichen Laden von Elektrofahrzeugen geschaffen wurden. Es zeigte sich: In diesen meist ländlichen Gebieten hat die Einrichtung einer ersten öffentlichen Ladestation die Verbreitung von Elektrofahrzeugen verstärkt. Die Ergebnisse seien unter Anderem robust gegenüber Antizipationseffekten, so die Autoren.</p>



<p>Obwohl die Ergebnisse der Studie robust sind, müsse man vorsichtig dabei sein, sie auf andere Länder zu übertragen, so Schulz und Rode. Norwegen verfüge über optimale Voraussetzungen für die Verbreitung von Elektrofahrzeugen: Die Bevölkerung des Landes sei wohlhabend, und starke Subventionen hätten die Menschen bei der Anschaffung in den letzten Jahrzehnten unterstützt. Außerdem sei die Stromerzeugung in Norwegen durch einen hohen Wasserkraftanteil günstig und umweltfreundlich. Andererseits gehöre Norwegen zu den Ländern, in denen es weltweit die meisten privaten Ladestationen gebe. So sei der positive Effekt des Ausbaus öffentlicher Ladestationen in Ländern, in denen weniger Menschen die Möglichkeit hätten, ihr Fahrzeug zu Hause aufzuladen, wahrscheinlich noch stärker.</p>



<p>Auch wenn eine statistische Untersuchung Deutschlands nicht Teil der Studie war, könnten auch hierzulande ähnliche Effekte wirken wie in Norwegen: „Zum einen wurden auch in Deutschland Anreize geschaffen, um Elektroautos preislich konkurrenzfähiger zu machen“, so Felix Schulz. „Zum anderen gilt wahrscheinlich auch hier, dass Reichweite und der mangelnde Ausbau von Ladeinfrastruktur für Hemmungen bei potentiellen Käufern sorgen. Deshalb liegt die Vermutung nahe, dass der Ausbau öffentlicher Ladeinfrastruktur auch in Deutschland förderlich für die Verbreitung von Elektroautos wäre.“<br><br><em><strong>Auch interessant: </strong></em><a href="https://innovationorigins.com/de/selected/tum-siegt-bei-der-indy-autonomous-challenge/">TUM siegt bei der Indy Autonomous Challenge</a></p>

<a href="https://ioplus.nl/archive/de/category/mobilitaet-de/" class="advgb-post-tax-term">Mobilität</a>

<span class="advgb-post-tax-term">Mobilität</span>

<a href="https://ioplus.nl/archive/de/tag/elektromobilitaet-de/" class="advgb-post-tax-term">elektromobilität</a>

<a href="https://ioplus.nl/archive/de/tag/mobilitaet-de/" class="advgb-post-tax-term">mobilität</a>

<span class="advgb-post-tax-term">elektromobilität</span>

<span class="advgb-post-tax-term">mobilität</span>
