{"id":316704,"date":"2021-11-06T14:00:00","date_gmt":"2021-11-06T13:00:00","guid":{"rendered":"https:\/\/innovationorigins.com\/?post_type=selected&amp;p=316704"},"modified":"2021-11-06T14:00:00","modified_gmt":"2021-11-06T13:00:00","slug":"winter-ist-wichtig-fuer-den-getreideertrag","status":"publish","type":"selected","link":"https:\/\/ioplus.nl\/archive\/de\/selected\/winter-ist-wichtig-fuer-den-getreideertrag\/","title":{"rendered":"Winter ist wichtig f\u00fcr den Getreideertrag"},"content":{"rendered":"\n<p>Witterungsbedingungen im Winter sowie in den \u00dcbergangsphasen von Herbst zu Winter und von Winter zu Fr\u00fchjahr beeinflussen die Ertragsleistung wichtiger Getreidearten wie Wintergerste und Winterweizen ma\u00dfgeblich. Dies ist das Ergebnis der Forschungsarbeit eines Wissenschaftsteams am Lehrstuhl f\u00fcr Pflanzenern\u00e4hrung an der Technischen Universit\u00e4t M\u00fcnchen (TUM).<\/p>\n\n\n\n<p>Der globale Klimawandel wird den Vorhersagen zufolge die Temperaturen erh\u00f6hen und die Verteilung der Niederschl\u00e4ge ver\u00e4ndern. Noch ist unsicher, wie sich die Klimaver\u00e4nderungen regional auswirken und welche Intensit\u00e4t sie haben werden, so <a href=\"https:\/\/www.tum.de\/\">Technische Universit\u00e4t M\u00fcnchen<\/a> in eine <a href=\"https:\/\/www.tum.de\/die-tum\/aktuelles\/pressemitteilungen\/details\/37018\">Pressemeldung<\/a>.&nbsp;<\/p>\n\n\n\n<p>Wissenschaftlerinnen und Wissenschaftler am&nbsp;<a href=\"https:\/\/www.pe.wzw.tum.de\/\" target=\"_blank\" rel=\"noreferrer noopener\">Lehrstuhl f\u00fcr Pflanzenern\u00e4hrung&nbsp;<\/a>der TUM haben jetzt die Auswirkungen verschiedener Witterungsparameter auf die langfristigen Ertr\u00e4ge von Wintergerste untersucht und die Parameter bewertet, die die Pflanzenentwicklung im Jahresverlauf und in bestimmten Wachstumsphasen entscheidend beeinflussen.<\/p>\n\n\n\n<h2 class=\"wp-block-heading\">Wetter ist mehr als Temperatur und Niederschlag w\u00e4hrend der Vegetationszeit<\/h2>\n\n\n\n<p>\u201eUnsere Dauerfeldversuche in D\u00fcrnast bei Freising liefern ein sehr umfangreiches Datenarchiv f\u00fcr die Untersuchung der Beziehung zwischen Klimawandel und Ertrag\u201c, erkl\u00e4rt Erstautor Dr. Kurt Heil. Der Boden hier besteht aus sehr fruchtbarem pleistoz\u00e4nem L\u00f6ss.<\/p>\n\n\n\n<p>Bisherige Untersuchungen der Witterungseinfl\u00fcsse auf landwirtschaftliche Ertr\u00e4ge konzentrierten sich nahezu ausschlie\u00dflich auf Einfl\u00fcsse der Wasserversorgung (Trockenstress) und der Temperatur (Hitze) w\u00e4hrend der Vegetationsperiode. Dr. Kurt Heil und sein Team am Lehrstuhl f\u00fcr Pflanzenern\u00e4hrung nehmen in ihrer Studie bisher weniger beachtete Witterungsparameter au\u00dferhalb der Vegetationszeit in den Blick.&nbsp;<\/p>\n\n\n\n<h3 class=\"wp-block-heading\">Frostwechseltage, Temperaturschwellen, Niederschlagsintensit\u00e4t mit betrachten<\/h3>\n\n\n\n<p>\u201eSp\u00e4tfr\u00f6ste treten bei uns zeitweise sogar noch im Mai auf\u201c, erkl\u00e4rt Heil. Da Winterperioden im mehrj\u00e4hrigen Mittel heute fr\u00fcher enden, \u00fcben solche Sp\u00e4tfr\u00f6ste einen deutlichen Einfluss auf die Pflanzengesundheit aus, weil die Pflanze bereits bei wenigen Plusgraden zu wachsen beginnt und die jungen Triebe dann von Sp\u00e4tfr\u00f6sten besch\u00e4digt werden.&nbsp;<\/p>\n\n\n\n<p>Mit h\u00f6herer Stickstoff-D\u00fcngung wird aber auch das Witterungsgeschehen w\u00e4hrend der Vegetationsperioden zunehmend bedeutsamer und f\u00fchrt dazu, dass die Pflanzen auch empfindlicher auf Witterungsextreme reagieren. Wenn mehr ged\u00fcngt wird, wachsen die Pflanzen st\u00e4rker, verbrauchen deshalb mehr Wasser und werden bei fehlendem Niederschlag st\u00e4rker von Trockenheit getroffen als bei weniger starkem Wachstum.&nbsp;<\/p>\n\n\n\n<p>\u201eTemperatur und Niederschlag sind bei allen Berechnungen in allen Varianten von Bedeutung, jedoch in geringerem Ma\u00dfe, wenn sie als Summen oder Mittelwerte betrachtet werden. Aussagekr\u00e4ftiger sind hier spezifische Indizes wie Frostwechseltage, Temperaturschwellen, Niederschlagsintensit\u00e4t, regenfreie Tage, Fr\u00fch- oder Sp\u00e4tfrostindex und Trockenheitsindex\u201c, erkl\u00e4rt&nbsp;<a href=\"https:\/\/www.professoren.tum.de\/schmidhalter-urs\" target=\"_blank\" rel=\"noreferrer noopener\">Urs Schmidhalter, Professor f\u00fcr Pflanzenern\u00e4hrung an der TUM<\/a>.&nbsp;<\/p>\n\n\n\n<h3 class=\"wp-block-heading\">Auswirkungen des Klimawandels auf Hochertragsstandorte<\/h3>\n\n\n\n<p>Die j\u00e4hrlichen Schwankungen der Ernteertr\u00e4ge wurden in der Studie haupts\u00e4chlich durch die vorherrschenden klimatischen Bedingungen im Winter sowie durch die \u00dcbergangszeiten von der w\u00e4rmeren Jahreszeit zum Winter und umgekehrt bestimmt. So sind der Studie zufolge im Winter Indizes wie Temperaturschwellen, Frostwechseltage und Niederschlagsintensit\u00e4t besonders wichtig. W\u00e4hrend der Hauptwachstumsperioden war nur die Niederschlagsintensit\u00e4t von gro\u00dfer Bedeutung.&nbsp;<\/p>\n\n\n\n<p>\u201eDiese Ergebnisse k\u00f6nnen auf die hohe verf\u00fcgbare nutzbare Feldwasserkapazit\u00e4t dieses Standorts zur\u00fcckgef\u00fchrt werden, die den Bedarf an Sommerniederschl\u00e4gen deutlich reduziert, wenn die Bodenwasserspeicher im Winter wieder aufgef\u00fcllt werden\u201c, sagt Heil.&nbsp;<\/p>\n\n\n\n<p>Insgesamt erweitern die Ergebnisse das Portfolio m\u00f6glicher Auswirkungen des Klimawandels und sind auf Hochertragsstandorte in Westeuropa \u00fcbertragbar, die zu den weltweit fruchtbarsten und ertragreichsten Anbaustandorten z\u00e4hlen und damit f\u00fcr die Nahrungsmittelproduktion wichtig und pr\u00e4destiniert sind. Die Weiterf\u00fchrung der Langzeitexperimente l\u00e4sst auch f\u00fcr die Zukunft wesentliche Einblicke und Prognosen zu den Auswirkungen des Klimawandels erwarten.<\/p>\n\n\n\n<p><em><strong>Auch interessant:<\/strong><\/em> <a href=\"https:\/\/innovationorigins.com\/de\/selected\/leonardo-dicaprio-investiert-in-mosa-meat-und-aleph-farm-um-die-entwicklung-von-nachhaltig-kultivierten-fleisch-voranzutreiben\/\">Intensive Viehhaltung \u00fcberfordert die Agrar-\u00d6kosysteme<\/a><\/p>\n","protected":false},"author":2084,"featured_media":316705,"template":"","meta":{"_acf_changed":false,"advgb_blocks_editor_width":"","advgb_blocks_columns_visual_guide":""},"categories":[36846],"tags":[95137,49937,33993,52139,27543,25264],"location":[24328],"internal_archives":[],"class_list":["post-316704","selected","type-selected","status-publish","has-post-thumbnail","hentry","category-gesundheit-de","tag-getreide-de","tag-getreidekleie-de","tag-klima-de","tag-klimaerwaermung-de","tag-munchen-de-de","tag-tu-muenchen-de","location-deutschland"],"blocksy_meta":[],"acf":[],"featured_img":"https:\/\/ioplus.nl\/archive\/wp-content\/uploads\/2022\/04\/Gm9zfywB-landscape-g5f6434450_1920-1.jpg","coauthors":[],"author_meta":{"author_link":"https:\/\/ioplus.nl\/archive\/author\/mauro-mereu\/","display_name":"Mauro Mereu"},"relative_dates":{"created":"Posted 4 years ago","modified":"Updated 4 years ago"},"absolute_dates":{"created":"Posted on November 6, 2021","modified":"Updated on November 6, 2021"},"absolute_dates_time":{"created":"Posted on November 6, 2021 2:00 pm","modified":"Updated on November 6, 2021 2:00 pm"},"featured_img_caption":"\u00a9 Pixabay","tax_additional":{"category":{"linked":["<a href=\"https:\/\/ioplus.nl\/archive\/de\/category\/gesundheit-de\/\" class=\"advgb-post-tax-term\">Gesundheit<\/a>"],"unlinked":["<span class=\"advgb-post-tax-term\">Gesundheit<\/span>"],"slug":"category","name":"Categories"},"post_tag":{"linked":["<a href=\"https:\/\/ioplus.nl\/archive\/de\/tag\/getreide-de\/\" class=\"advgb-post-tax-term\">Getreide<\/a>","<a href=\"https:\/\/ioplus.nl\/archive\/de\/tag\/getreidekleie-de\/\" class=\"advgb-post-tax-term\">Getreidekleie<\/a>","<a href=\"https:\/\/ioplus.nl\/archive\/de\/tag\/klima-de\/\" class=\"advgb-post-tax-term\">klima<\/a>","<a href=\"https:\/\/ioplus.nl\/archive\/de\/tag\/klimaerwaermung-de\/\" class=\"advgb-post-tax-term\">Klimaerw\u00e4rmung<\/a>","<a href=\"https:\/\/ioplus.nl\/archive\/de\/tag\/munchen-de-de\/\" class=\"advgb-post-tax-term\">Munchen<\/a>","<a href=\"https:\/\/ioplus.nl\/archive\/de\/tag\/tu-muenchen-de\/\" class=\"advgb-post-tax-term\">TU M\u00fcnchen<\/a>"],"unlinked":["<span class=\"advgb-post-tax-term\">Getreide<\/span>","<span class=\"advgb-post-tax-term\">Getreidekleie<\/span>","<span class=\"advgb-post-tax-term\">klima<\/span>","<span class=\"advgb-post-tax-term\">Klimaerw\u00e4rmung<\/span>","<span class=\"advgb-post-tax-term\">Munchen<\/span>","<span class=\"advgb-post-tax-term\">TU M\u00fcnchen<\/span>"],"slug":"post_tag","name":"Tags"},"language":{"linked":["<a href=\"https:\/\/ioplus.nl\/archive\/de\/\" class=\"advgb-post-tax-term\">DE<\/a>"],"unlinked":["<span class=\"advgb-post-tax-term\">DE<\/span>"],"slug":"language","name":"Tags"},"post_translations":{"linked":[],"unlinked":[],"slug":"post_translations","name":""},"location":{"linked":["<a href=\"https:\/\/ioplus.nl\/archive\/location\/deutschland\/\" class=\"advgb-post-tax-term\">Deutschland<\/a>"],"unlinked":["<span class=\"advgb-post-tax-term\">Deutschland<\/span>"],"slug":"location","name":"Locations"},"internal_archives":{"linked":[],"unlinked":[],"slug":"internal_archives","name":"Internal Archives"}},"series_order":"","_links":{"self":[{"href":"https:\/\/ioplus.nl\/archive\/wp-json\/wp\/v2\/selected\/316704","targetHints":{"allow":["GET"]}}],"collection":[{"href":"https:\/\/ioplus.nl\/archive\/wp-json\/wp\/v2\/selected"}],"about":[{"href":"https:\/\/ioplus.nl\/archive\/wp-json\/wp\/v2\/types\/selected"}],"author":[{"embeddable":true,"href":"https:\/\/ioplus.nl\/archive\/wp-json\/wp\/v2\/users\/2084"}],"wp:featuredmedia":[{"embeddable":true,"href":"https:\/\/ioplus.nl\/archive\/wp-json\/wp\/v2\/media\/316705"}],"wp:attachment":[{"href":"https:\/\/ioplus.nl\/archive\/wp-json\/wp\/v2\/media?parent=316704"}],"wp:term":[{"taxonomy":"category","embeddable":true,"href":"https:\/\/ioplus.nl\/archive\/wp-json\/wp\/v2\/categories?post=316704"},{"taxonomy":"post_tag","embeddable":true,"href":"https:\/\/ioplus.nl\/archive\/wp-json\/wp\/v2\/tags?post=316704"},{"taxonomy":"location","embeddable":true,"href":"https:\/\/ioplus.nl\/archive\/wp-json\/wp\/v2\/location?post=316704"},{"taxonomy":"internal_archives","embeddable":true,"href":"https:\/\/ioplus.nl\/archive\/wp-json\/wp\/v2\/internal_archives?post=316704"}],"curies":[{"name":"wp","href":"https:\/\/api.w.org\/{rel}","templated":true}]}}

Winter ist wichtig für den Getreideertrag

<p>Witterungsbedingungen im Winter sowie in den Übergangsphasen von Herbst zu Winter und von Winter zu Frühjahr beeinflussen die Ertragsleistung wichtiger Getreidearten wie Wintergerste und Winterweizen maßgeblich. Dies ist das Ergebnis der Forschungsarbeit eines Wissenschaftsteams am Lehrstuhl für Pflanzenernährung an der Technischen Universität München (TUM).</p>



<p>Der globale Klimawandel wird den Vorhersagen zufolge die Temperaturen erhöhen und die Verteilung der Niederschläge verändern. Noch ist unsicher, wie sich die Klimaveränderungen regional auswirken und welche Intensität sie haben werden, so <a href="https://www.tum.de/">Technische Universität München</a> in eine <a href="https://www.tum.de/die-tum/aktuelles/pressemitteilungen/details/37018">Pressemeldung</a>.&nbsp;</p>



<p>Wissenschaftlerinnen und Wissenschaftler am&nbsp;<a href="https://www.pe.wzw.tum.de/" target="_blank" rel="noreferrer noopener">Lehrstuhl für Pflanzenernährung&nbsp;</a>der TUM haben jetzt die Auswirkungen verschiedener Witterungsparameter auf die langfristigen Erträge von Wintergerste untersucht und die Parameter bewertet, die die Pflanzenentwicklung im Jahresverlauf und in bestimmten Wachstumsphasen entscheidend beeinflussen.</p>



<h2 class="wp-block-heading">Wetter ist mehr als Temperatur und Niederschlag während der Vegetationszeit</h2>



<p>„Unsere Dauerfeldversuche in Dürnast bei Freising liefern ein sehr umfangreiches Datenarchiv für die Untersuchung der Beziehung zwischen Klimawandel und Ertrag“, erklärt Erstautor Dr. Kurt Heil. Der Boden hier besteht aus sehr fruchtbarem pleistozänem Löss.</p>



<p>Bisherige Untersuchungen der Witterungseinflüsse auf landwirtschaftliche Erträge konzentrierten sich nahezu ausschließlich auf Einflüsse der Wasserversorgung (Trockenstress) und der Temperatur (Hitze) während der Vegetationsperiode. Dr. Kurt Heil und sein Team am Lehrstuhl für Pflanzenernährung nehmen in ihrer Studie bisher weniger beachtete Witterungsparameter außerhalb der Vegetationszeit in den Blick.&nbsp;</p>



<h3 class="wp-block-heading">Frostwechseltage, Temperaturschwellen, Niederschlagsintensität mit betrachten</h3>



<p>„Spätfröste treten bei uns zeitweise sogar noch im Mai auf“, erklärt Heil. Da Winterperioden im mehrjährigen Mittel heute früher enden, üben solche Spätfröste einen deutlichen Einfluss auf die Pflanzengesundheit aus, weil die Pflanze bereits bei wenigen Plusgraden zu wachsen beginnt und die jungen Triebe dann von Spätfrösten beschädigt werden.&nbsp;</p>



<p>Mit höherer Stickstoff-Düngung wird aber auch das Witterungsgeschehen während der Vegetationsperioden zunehmend bedeutsamer und führt dazu, dass die Pflanzen auch empfindlicher auf Witterungsextreme reagieren. Wenn mehr gedüngt wird, wachsen die Pflanzen stärker, verbrauchen deshalb mehr Wasser und werden bei fehlendem Niederschlag stärker von Trockenheit getroffen als bei weniger starkem Wachstum.&nbsp;</p>



<p>„Temperatur und Niederschlag sind bei allen Berechnungen in allen Varianten von Bedeutung, jedoch in geringerem Maße, wenn sie als Summen oder Mittelwerte betrachtet werden. Aussagekräftiger sind hier spezifische Indizes wie Frostwechseltage, Temperaturschwellen, Niederschlagsintensität, regenfreie Tage, Früh- oder Spätfrostindex und Trockenheitsindex“, erklärt&nbsp;<a href="https://www.professoren.tum.de/schmidhalter-urs" target="_blank" rel="noreferrer noopener">Urs Schmidhalter, Professor für Pflanzenernährung an der TUM</a>.&nbsp;</p>



<h3 class="wp-block-heading">Auswirkungen des Klimawandels auf Hochertragsstandorte</h3>



<p>Die jährlichen Schwankungen der Ernteerträge wurden in der Studie hauptsächlich durch die vorherrschenden klimatischen Bedingungen im Winter sowie durch die Übergangszeiten von der wärmeren Jahreszeit zum Winter und umgekehrt bestimmt. So sind der Studie zufolge im Winter Indizes wie Temperaturschwellen, Frostwechseltage und Niederschlagsintensität besonders wichtig. Während der Hauptwachstumsperioden war nur die Niederschlagsintensität von großer Bedeutung.&nbsp;</p>



<p>„Diese Ergebnisse können auf die hohe verfügbare nutzbare Feldwasserkapazität dieses Standorts zurückgeführt werden, die den Bedarf an Sommerniederschlägen deutlich reduziert, wenn die Bodenwasserspeicher im Winter wieder aufgefüllt werden“, sagt Heil.&nbsp;</p>



<p>Insgesamt erweitern die Ergebnisse das Portfolio möglicher Auswirkungen des Klimawandels und sind auf Hochertragsstandorte in Westeuropa übertragbar, die zu den weltweit fruchtbarsten und ertragreichsten Anbaustandorten zählen und damit für die Nahrungsmittelproduktion wichtig und prädestiniert sind. Die Weiterführung der Langzeitexperimente lässt auch für die Zukunft wesentliche Einblicke und Prognosen zu den Auswirkungen des Klimawandels erwarten.</p>



<p><em><strong>Auch interessant:</strong></em> <a href="https://innovationorigins.com/de/selected/leonardo-dicaprio-investiert-in-mosa-meat-und-aleph-farm-um-die-entwicklung-von-nachhaltig-kultivierten-fleisch-voranzutreiben/">Intensive Viehhaltung überfordert die Agrar-Ökosysteme</a></p>

<a href="https://ioplus.nl/archive/de/tag/klimaerwaermung-de/" class="advgb-post-tax-term">Klimaerwärmung</a>

<a href="https://ioplus.nl/archive/de/tag/tu-muenchen-de/" class="advgb-post-tax-term">TU München</a>

<span class="advgb-post-tax-term">Klimaerwärmung</span>

<span class="advgb-post-tax-term">TU München</span>
